{"id":56,"date":"2026-04-24T23:09:51","date_gmt":"2026-04-24T23:09:51","guid":{"rendered":"https:\/\/pom.pt\/2027\/?page_id=56"},"modified":"2026-04-24T23:10:43","modified_gmt":"2026-04-24T23:10:43","slug":"inscricoes","status":"publish","type":"page","link":"https:\/\/pom.pt\/2027\/inscricoes\/","title":{"rendered":"Inscri\u00e7\u00f5es"},"content":{"rendered":"<p>Os participantes devem efetuar a sua inscri\u00e7\u00e3o na plataforma <a href=\"https:\/\/www.orioasis.pt\/oasis\/guide.php?eventid=3293&amp;action=register_entry\" target=\"_blank\" rel=\"noopener\">OriO\u00e1sis<\/a><\/p>\n<p>Em caso de d\u00favidas ou problemas durante o processo de inscri\u00e7\u00e3o, contacte-nos pelo e-mail: <a href=\"mailto:entries@pom.pt\" target=\"_blank\" rel=\"noopener\">entries@pom.pt<\/a><br \/>\nInforma\u00e7\u00e3o necess\u00e1ria para a inscri\u00e7\u00e3o:<\/p>\n<ul>\n<li>Nome completo do participante<\/li>\n<li>Ano de nascimento<\/li>\n<li>Nome do clube e Pa\u00eds<\/li>\n<li>N\u00famero do cart\u00e3o SPORTident<\/li>\n<li>Escal\u00e3o de inscri\u00e7\u00e3o<\/li>\n<li>Indicar em quais etapas pretende participar<\/li>\n<\/ul>\n<p><strong>Nota<\/strong>: Os atletas dos escal\u00f5es de Elite devem inscrever-se tamb\u00e9m no IOF Eventor. Adicionalmente, \u00e9 necess\u00e1rio fornecer o n\u00famero do IOF ID \u00e0 organiza\u00e7\u00e3o durante o processo de inscri\u00e7\u00e3o na plataforma OriOasis. O pagamento dever\u00e1 ser efetuado atrav\u00e9s do OriOasis<\/p>\n<h3>Taxas de inscri\u00e7\u00e3o<\/h3>\n<table style=\"height: 264px; width: 80%; border-collapse: collapse;\">\n<tbody>\n<tr style=\"height: 24px;\">\n<td style=\"width: 20%; height: 24px;\"><strong>Tipo<\/strong><\/td>\n<td style=\"width: 20%; height: 24px;\"><strong>Etapa<\/strong><\/td>\n<td style=\"width: 20%; height: 24px;\"><strong>Classes<\/strong><\/td>\n<td style=\"width: 20%; height: 24px;\"><strong>Lic FPO\/FEDO<\/strong><\/td>\n<td style=\"width: 20%; height: 24px;\"><strong>N\u00e3o federado (*)<\/strong><\/td>\n<\/tr>\n<tr style=\"height: 24px;\">\n<td style=\"width: 20%; height: 96px;\" rowspan=\"4\">Floresta<\/td>\n<td style=\"width: 20%; height: 96px;\" rowspan=\"4\">1 (MD,6Feb)<br \/>\n2 (LD, 7Feb)<br \/>\n3(MD, 8Feb)<br \/>\n4(MD, 9Feb)<\/td>\n<td style=\"width: 20%; height: 24px;\">Jovem (competi\u00e7\u00e3o)<\/td>\n<td style=\"width: 20%; height: 24px;\">\u20ac6,00<\/td>\n<td style=\"width: 20%; height: 24px;\">\u20ac10,00<\/td>\n<\/tr>\n<tr style=\"height: 24px;\">\n<td style=\"width: 20%; height: 24px;\">Adulto (competi\u00e7\u00e3o)<\/td>\n<td style=\"width: 20%; height: 24px;\">\u20ac10,00<\/td>\n<td style=\"width: 20%; height: 24px;\">\u20ac18,00<\/td>\n<\/tr>\n<tr style=\"height: 24px;\">\n<td style=\"width: 20%; height: 24px;\">Jovem (aberto)<\/td>\n<td style=\"width: 20%; height: 24px;\">\u20ac6,00<\/td>\n<td style=\"width: 20%; height: 24px;\">\u20ac7,00<\/td>\n<\/tr>\n<tr style=\"height: 24px;\">\n<td style=\"width: 20%; height: 24px;\">Adulto (aberto)<\/td>\n<td style=\"width: 20%; height: 24px;\">\u20ac10,00<\/td>\n<td style=\"width: 20%; height: 24px;\">\u20ac11,00<\/td>\n<\/tr>\n<tr style=\"height: 24px;\">\n<td style=\"width: 20%; height: 96px;\" rowspan=\"4\">Sprint<\/td>\n<td style=\"width: 20%; height: 96px;\" rowspan=\"4\">5 (Night, 6Feb)6 (Urban, 8Feb)<\/td>\n<td style=\"width: 20%; height: 24px;\">Jovem (competi\u00e7\u00e3o)<\/td>\n<td style=\"width: 20%; height: 24px;\">\u20ac5,00<\/td>\n<td style=\"width: 20%; height: 24px;\">\u20ac9,00<\/td>\n<\/tr>\n<tr style=\"height: 24px;\">\n<td style=\"width: 20%; height: 24px;\">Adulto (competi\u00e7\u00e3o)<\/td>\n<td style=\"width: 20%; height: 24px;\">\u20ac8,00<\/td>\n<td style=\"width: 20%; height: 24px;\">\u20ac15,00<\/td>\n<\/tr>\n<tr style=\"height: 24px;\">\n<td style=\"width: 20%; height: 24px;\">Jovem (aberto)<\/td>\n<td style=\"width: 20%; height: 24px;\">\u20ac5,00<\/td>\n<td style=\"width: 20%; height: 24px;\">\u20ac6,00<\/td>\n<\/tr>\n<tr style=\"height: 24px;\">\n<td style=\"width: 20%; height: 24px;\">Adulto (aberto)<\/td>\n<td style=\"width: 20%; height: 24px;\">\u20ac8,00<\/td>\n<td style=\"width: 20%; height: 24px;\">\u20ac9,00<\/td>\n<\/tr>\n<tr style=\"height: 24px;\">\n<td style=\"width: 20%; height: 24px;\">PreO<\/td>\n<td style=\"width: 20%; height: 24px;\">7 (7Feb)<\/td>\n<td style=\"width: 20%; height: 24px;\">Todos<\/td>\n<td style=\"width: 20%; height: 24px;\">\u20ac10,00<\/td>\n<td style=\"width: 20%; height: 24px;\">\u20ac17,00<\/td>\n<\/tr>\n<tr style=\"height: 24px;\">\n<td style=\"width: 20%; height: 24px;\">Model event<\/td>\n<td style=\"width: 20%; height: 24px;\">0 (5Feb)<\/td>\n<td style=\"width: 20%; height: 24px;\">Todos<\/td>\n<td style=\"width: 20%; height: 24px;\">\u20ac7,00<\/td>\n<td style=\"width: 20%; height: 24px;\">\u20ac7,00<\/td>\n<\/tr>\n<\/tbody>\n<\/table>\n<p><strong>Notas<\/strong>:<br \/>\n* O valor do seguro desportivo acresce aos valores indicados (2\u20ac\/dia)<br \/>\n&#8211; Qualquer altera\u00e7\u00e3o fora dos prazos tem um custo de 3\u20ac<\/p>\n","protected":false},"excerpt":{"rendered":"<p>Os participantes devem efetuar a sua inscri\u00e7\u00e3o na plataforma OriO\u00e1sis Em caso de d\u00favidas ou problemas durante o processo de inscri\u00e7\u00e3o, contacte-nos pelo e-mail: entries@pom.pt Informa\u00e7\u00e3o necess\u00e1ria para a inscri\u00e7\u00e3o: Nome completo do participante Ano de nascimento Nome do clube e Pa\u00eds N\u00famero do cart\u00e3o SPORTident Escal\u00e3o de inscri\u00e7\u00e3o Indicar em quais etapas pretende participar Nota: Os atletas dos escal\u00f5es de Elite devem inscrever-se tamb\u00e9m no IOF Eventor. Adicionalmente, \u00e9 necess\u00e1rio fornecer o n\u00famero do IOF ID \u00e0 organiza\u00e7\u00e3o durante o processo de inscri\u00e7\u00e3o na plataforma OriOasis. O pagamento dever\u00e1 ser efetuado atrav\u00e9s do OriOasis Taxas de inscri\u00e7\u00e3o Tipo Etapa Classes Lic FPO\/FEDO N\u00e3o federado (*) Floresta 1 (MD,6Feb) 2 [&hellip;]<\/p>\n","protected":false},"author":12,"featured_media":0,"parent":0,"menu_order":0,"comment_status":"closed","ping_status":"closed","template":"","meta":{"_monsterinsights_skip_tracking":false,"_monsterinsights_sitenote_active":false,"_monsterinsights_sitenote_note":"","_monsterinsights_sitenote_category":0,"footnotes":""},"class_list":["post-56","page","type-page","status-publish","hentry","post"],"_links":{"self":[{"href":"https:\/\/pom.pt\/2027\/wp-json\/wp\/v2\/pages\/56","targetHints":{"allow":["GET"]}}],"collection":[{"href":"https:\/\/pom.pt\/2027\/wp-json\/wp\/v2\/pages"}],"about":[{"href":"https:\/\/pom.pt\/2027\/wp-json\/wp\/v2\/types\/page"}],"author":[{"embeddable":true,"href":"https:\/\/pom.pt\/2027\/wp-json\/wp\/v2\/users\/12"}],"replies":[{"embeddable":true,"href":"https:\/\/pom.pt\/2027\/wp-json\/wp\/v2\/comments?post=56"}],"version-history":[{"count":2,"href":"https:\/\/pom.pt\/2027\/wp-json\/wp\/v2\/pages\/56\/revisions"}],"predecessor-version":[{"id":58,"href":"https:\/\/pom.pt\/2027\/wp-json\/wp\/v2\/pages\/56\/revisions\/58"}],"wp:attachment":[{"href":"https:\/\/pom.pt\/2027\/wp-json\/wp\/v2\/media?parent=56"}],"curies":[{"name":"wp","href":"https:\/\/api.w.org\/{rel}","templated":true}]}}