{"id":40,"date":"2026-04-24T22:23:27","date_gmt":"2026-04-24T22:23:27","guid":{"rendered":"https:\/\/pom.pt\/2027\/?page_id=40"},"modified":"2026-04-24T22:23:36","modified_gmt":"2026-04-24T22:23:36","slug":"programa","status":"publish","type":"page","link":"https:\/\/pom.pt\/2027\/programa\/","title":{"rendered":"Programa"},"content":{"rendered":"<h3>21 de janeiro<\/h3>\n<p>Data limite das inscri\u00e7\u00f5es nos escal\u00f5es de competi\u00e7\u00e3o e inscri\u00e7\u00f5es online.<br \/>\nPara os escal\u00f5es abertos as inscri\u00e7\u00f5es devem ser efetuadas via email para entries@pom.pt<br \/>\nS\u00e3o aceites inscri\u00e7\u00f5es nos escal\u00f5es abertos at\u00e9 ao dia da prova, mas sempre sujeito \u00e0 disponibilidade de mapa.<\/p>\n<h3>4 de fevereiro<\/h3>\n<p>14h30 &#8211; Abertura do secretariado<br \/>\n20h00 &#8211; Encerramento do secretariado<\/p>\n<h3>5 de fevereiro<\/h3>\n<p>08h30 &#8211; Abertura do secretariado<br \/>\n09h30 &#8211; Abertura do model event<br \/>\n16h00 \u2013 Encerramento do model event<br \/>\n20h00 &#8211; Encerramento do secretariado<\/p>\n<h3>6 de fevereiro<\/h3>\n<p>08h00 &#8211; Abertura do secretariado<br \/>\n11h00 &#8211; Dist\u00e2ncia m\u00e9dia<br \/>\n11h30 \/ 12h30 &#8211; Partidas dos escal\u00f5es abertos e de forma\u00e7\u00e3o<br \/>\n19h00 \u2013 Sprint noturno<\/p>\n<h3>7 de fevereiro<\/h3>\n<p>08h00 &#8211; Abertura do secretariado<br \/>\n09h00 &#8211; Dist\u00e2ncia longa \u2013 candidato a WRE<br \/>\n09h30 \/ 11h00 &#8211; Partidas dos escal\u00f5es abertos e de forma\u00e7\u00e3o<br \/>\nEntrega de pr\u00e9mios WRE (previs\u00e3o 14h00)<br \/>\n14h00 &#8211; Prova de PreO (o secretariado vai funcionar no local da competi\u00e7\u00e3o a partir das 13h00)<br \/>\n18h00 &#8211; Entrega de pr\u00e9mios da prova de PreO<\/p>\n<h3>8 de fevereiro<\/h3>\n<p>08h00 &#8211; Abertura do secretariado<br \/>\n09h00 &#8211; Dist\u00e2ncia m\u00e9dia<br \/>\n09h30 \/ 11h00 &#8211; Partidas dos escal\u00f5es abertos e de forma\u00e7\u00e3o<br \/>\n16h00 \u2013 Sprint urbano \u2013 candidato a WRE<br \/>\n18h00 \u2013 Entrega de pr\u00e9mios do Sprint<\/p>\n<h3>9 de fevereiro<\/h3>\n<p>08h00 &#8211; Abertura do secretariado<br \/>\n09h00 &#8211; Dist\u00e2ncia Longa \u2013 In\u00edcio do Chasing Start &#8211; WE \/ ME2<br \/>\n09h15 &#8211; In\u00edcio das partidas dos restantes escal\u00f5es de competi\u00e7\u00e3o<br \/>\n09h30 \/ 10h30 &#8211; Partidas dos escal\u00f5es abertos e de forma\u00e7\u00e3o<br \/>\n10h00 &#8211; Mass Start para WE e ME2<br \/>\n10h15 &#8211; Dist\u00e2ncia Longa \u2013 In\u00edcio do Chasing Start \u2013 ME1<br \/>\n11h15 &#8211; Mass Start para ME1<br \/>\n13h00 &#8211; Entrega de pr\u00e9mios e encerramento do POM 2027<\/p>\n","protected":false},"excerpt":{"rendered":"<p>21 de janeiro Data limite das inscri\u00e7\u00f5es nos escal\u00f5es de competi\u00e7\u00e3o e inscri\u00e7\u00f5es online. Para os escal\u00f5es abertos as inscri\u00e7\u00f5es devem ser efetuadas via email para entries@pom.pt S\u00e3o aceites inscri\u00e7\u00f5es nos escal\u00f5es abertos at\u00e9 ao dia da prova, mas sempre sujeito \u00e0 disponibilidade de mapa. 4 de fevereiro 14h30 &#8211; Abertura do secretariado 20h00 &#8211; Encerramento do secretariado 5 de fevereiro 08h30 &#8211; Abertura do secretariado 09h30 &#8211; Abertura do model event 16h00 \u2013 Encerramento do model event 20h00 &#8211; Encerramento do secretariado 6 de fevereiro 08h00 &#8211; Abertura do secretariado 11h00 &#8211; Dist\u00e2ncia m\u00e9dia 11h30 \/ 12h30 &#8211; Partidas dos escal\u00f5es abertos e de forma\u00e7\u00e3o 19h00 \u2013 Sprint noturno [&hellip;]<\/p>\n","protected":false},"author":12,"featured_media":0,"parent":0,"menu_order":0,"comment_status":"closed","ping_status":"closed","template":"","meta":{"_monsterinsights_skip_tracking":false,"_monsterinsights_sitenote_active":false,"_monsterinsights_sitenote_note":"","_monsterinsights_sitenote_category":0,"footnotes":""},"class_list":["post-40","page","type-page","status-publish","hentry","post"],"_links":{"self":[{"href":"https:\/\/pom.pt\/2027\/wp-json\/wp\/v2\/pages\/40","targetHints":{"allow":["GET"]}}],"collection":[{"href":"https:\/\/pom.pt\/2027\/wp-json\/wp\/v2\/pages"}],"about":[{"href":"https:\/\/pom.pt\/2027\/wp-json\/wp\/v2\/types\/page"}],"author":[{"embeddable":true,"href":"https:\/\/pom.pt\/2027\/wp-json\/wp\/v2\/users\/12"}],"replies":[{"embeddable":true,"href":"https:\/\/pom.pt\/2027\/wp-json\/wp\/v2\/comments?post=40"}],"version-history":[{"count":1,"href":"https:\/\/pom.pt\/2027\/wp-json\/wp\/v2\/pages\/40\/revisions"}],"predecessor-version":[{"id":41,"href":"https:\/\/pom.pt\/2027\/wp-json\/wp\/v2\/pages\/40\/revisions\/41"}],"wp:attachment":[{"href":"https:\/\/pom.pt\/2027\/wp-json\/wp\/v2\/media?parent=40"}],"curies":[{"name":"wp","href":"https:\/\/api.w.org\/{rel}","templated":true}]}}