{"id":33,"date":"2026-04-24T22:06:51","date_gmt":"2026-04-24T22:06:51","guid":{"rendered":"https:\/\/pom.pt\/2027\/?page_id=33"},"modified":"2026-04-27T23:32:59","modified_gmt":"2026-04-27T23:32:59","slug":"apresentacao","status":"publish","type":"page","link":"https:\/\/pom.pt\/2027\/apresentacao\/","title":{"rendered":"Apresenta\u00e7\u00e3o"},"content":{"rendered":"<p>O COALA (Clube de Orienta\u00e7\u00e3o e Aventura do Litoral Alentejano), o AEJBV (Agrupamento de Escolas Jos\u00e9 Belchior Viegas) e o CDCS (Clube Desportivo e Cultural das Sarnadas), em parceria, v\u00e3o organizar o Portugal \u201cO\u201d Meeting, a maior prova da orienta\u00e7\u00e3o em Portugal.<br \/>\nDesde a primeira hora que as entidades locais mostraram toda a disponibilidade para em conjunto com os tr\u00eas clubes organizarmos um evento de qualidade e que satisfa\u00e7a todos os que nos ir\u00e3o visitar.<\/p>\n<p>O Portugal \u201cO\u201d Meeting \u00e9 um evento de orienta\u00e7\u00e3o pedestre, integrado no Ranking da Federa\u00e7\u00e3o Internacional de Orienta\u00e7\u00e3o (IOF) e no Ranking da Ta\u00e7a de Portugal da Federa\u00e7\u00e3o Portuguesa de Orienta\u00e7\u00e3o &#8211; FPO.<\/p>\n<p>\u00c9 um evento aberto a pessoas de qualquer idade, podendo participar nos escal\u00f5es de competi\u00e7\u00e3o ou nos escal\u00f5es abertos, individualmente ou em grupo.<br \/>\nConvidamos todos amantes da Orienta\u00e7\u00e3o a participar neste evento, desejando desde j\u00e1 as boas vindas.<\/p>\n","protected":false},"excerpt":{"rendered":"<p>O COALA (Clube de Orienta\u00e7\u00e3o e Aventura do Litoral Alentejano), o AEJBV (Agrupamento de Escolas Jos\u00e9 Belchior Viegas) e o CDCS (Clube Desportivo e Cultural das Sarnadas), em parceria, v\u00e3o organizar o Portugal \u201cO\u201d Meeting, a maior prova da orienta\u00e7\u00e3o em Portugal. Desde a primeira hora que as entidades locais mostraram toda a disponibilidade para em conjunto com os tr\u00eas clubes organizarmos um evento de qualidade e que satisfa\u00e7a todos os que nos ir\u00e3o visitar. O Portugal \u201cO\u201d Meeting \u00e9 um evento de orienta\u00e7\u00e3o pedestre, integrado no Ranking da Federa\u00e7\u00e3o Internacional de Orienta\u00e7\u00e3o (IOF) e no Ranking da Ta\u00e7a de Portugal da Federa\u00e7\u00e3o Portuguesa de Orienta\u00e7\u00e3o &#8211; FPO. \u00c9 um [&hellip;]<\/p>\n","protected":false},"author":12,"featured_media":0,"parent":0,"menu_order":0,"comment_status":"closed","ping_status":"closed","template":"","meta":{"_monsterinsights_skip_tracking":false,"_monsterinsights_sitenote_active":false,"_monsterinsights_sitenote_note":"","_monsterinsights_sitenote_category":0,"footnotes":""},"class_list":["post-33","page","type-page","status-publish","hentry","post"],"_links":{"self":[{"href":"https:\/\/pom.pt\/2027\/wp-json\/wp\/v2\/pages\/33","targetHints":{"allow":["GET"]}}],"collection":[{"href":"https:\/\/pom.pt\/2027\/wp-json\/wp\/v2\/pages"}],"about":[{"href":"https:\/\/pom.pt\/2027\/wp-json\/wp\/v2\/types\/page"}],"author":[{"embeddable":true,"href":"https:\/\/pom.pt\/2027\/wp-json\/wp\/v2\/users\/12"}],"replies":[{"embeddable":true,"href":"https:\/\/pom.pt\/2027\/wp-json\/wp\/v2\/comments?post=33"}],"version-history":[{"count":2,"href":"https:\/\/pom.pt\/2027\/wp-json\/wp\/v2\/pages\/33\/revisions"}],"predecessor-version":[{"id":97,"href":"https:\/\/pom.pt\/2027\/wp-json\/wp\/v2\/pages\/33\/revisions\/97"}],"wp:attachment":[{"href":"https:\/\/pom.pt\/2027\/wp-json\/wp\/v2\/media?parent=33"}],"curies":[{"name":"wp","href":"https:\/\/api.w.org\/{rel}","templated":true}]}}

Apresentação

<p>O COALA (Clube de Orientação e Aventura do Litoral Alentejano), o AEJBV (Agrupamento de Escolas José Belchior Viegas) e o CDCS (Clube Desportivo e Cultural das Sarnadas), em parceria, vão organizar o Portugal “O” Meeting, a maior prova da orientação em Portugal.<br />
Desde a primeira hora que as entidades locais mostraram toda a disponibilidade para em conjunto com os três clubes organizarmos um evento de qualidade e que satisfaça todos os que nos irão visitar.</p>
<p>O Portugal “O” Meeting é um evento de orientação pedestre, integrado no Ranking da Federação Internacional de Orientação (IOF) e no Ranking da Taça de Portugal da Federação Portuguesa de Orientação &#8211; FPO.</p>
<p>É um evento aberto a pessoas de qualquer idade, podendo participar nos escalões de competição ou nos escalões abertos, individualmente ou em grupo.<br />
Convidamos todos amantes da Orientação a participar neste evento, desejando desde já as boas vindas.</p>

<p>O COALA (Clube de Orientação e Aventura do Litoral Alentejano), o AEJBV (Agrupamento de Escolas José Belchior Viegas) e o CDCS (Clube Desportivo e Cultural das Sarnadas), em parceria, vão organizar o Portugal “O” Meeting, a maior prova da orientação em Portugal. Desde a primeira hora que as entidades locais mostraram toda a disponibilidade para em conjunto com os três clubes organizarmos um evento de qualidade e que satisfaça todos os que nos irão visitar. O Portugal “O” Meeting é um evento de orientação pedestre, integrado no Ranking da Federação Internacional de Orientação (IOF) e no Ranking da Taça de Portugal da Federação Portuguesa de Orientação &#8211; FPO. É um [&hellip;]</p>
