{"id":2308,"date":"2025-11-14T17:29:18","date_gmt":"2025-11-14T16:29:18","guid":{"rendered":"https:\/\/pom.pt\/2026\/?page_id=2308"},"modified":"2026-02-02T15:09:31","modified_gmt":"2026-02-02T14:09:31","slug":"informacao-do-model-event","status":"publish","type":"page","link":"https:\/\/pom.pt\/2026\/informacao-do-model-event\/","title":{"rendered":"Informa\u00e7\u00e3o do Model Event"},"content":{"rendered":"<div id=\"pl-gb2308-69d4b7814e6a7\"  class=\"panel-layout\" ><div id=\"pg-gb2308-69d4b7814e6a7-0\"  class=\"panel-grid panel-has-style\" ><div class=\"panel-row-style panel-row-style-for-gb2308-69d4b7814e6a7-0\" ><div id=\"pgc-gb2308-69d4b7814e6a7-0-0\"  class=\"panel-grid-cell\" ><div id=\"panel-gb2308-69d4b7814e6a7-0-0-0\" class=\"so-panel widget widget_sow-editor panel-first-child panel-last-child\" data-index=\"0\" ><div\n\t\t\t\n\t\t\tclass=\"so-widget-sow-editor so-widget-sow-editor-base\"\n\t\t\t\n\t\t><h3 class=\"widget-title\">Model Event<\/h3>\n<div class=\"siteorigin-widget-tinymce textwidget\">\n\t<h5>de Quinta-Feira, 12 de fevereiro a Ter\u00e7a-Feira 17 de fevereiro<\/h5>\n<ul>\n<li>Os mapas do Model Event dever\u00e3o ser levantados no Centro de Evento, localizado no <a href=\"https:\/\/maps.app.goo.gl\/2atiTDTWXWmJ9oEe8\" target=\"_blank\" rel=\"noopener\">Museu dos Palheiros de Mira \u2013 Praia de Mira<\/a>.<\/li>\n<\/ul>\n<p>&nbsp;<\/p>\n<h5 style=\"font-weight: 400;\"><strong>Informa\u00e7\u00e3o importante sobre o terreno do Model Event<\/strong><\/h5>\n<p style=\"font-weight: 400;\">Na zona do Model Event existem diversos p\u00e2ntanos. Devido \u00e0s intensas chuvas das \u00faltimas semanas, os p\u00e2ntanos est\u00e3o com bastante \u00e1gua, muito mais do que o habitual.<\/p>\n<p style=\"font-weight: 400;\">Em algumas zonas tamb\u00e9m existe acumula\u00e7\u00e3o de \u00e1gua em locais onde no mapa n\u00e3o est\u00e1 assinalado p\u00e2ntano.<\/p>\n<\/div>\n<\/div><\/div><\/div><\/div><\/div><div id=\"pg-gb2308-69d4b7814e6a7-1\"  class=\"panel-grid panel-has-style\" ><div class=\"panel-row-style panel-row-style-for-gb2308-69d4b7814e6a7-1\" ><div id=\"pgc-gb2308-69d4b7814e6a7-1-0\"  class=\"panel-grid-cell\" ><div id=\"panel-gb2308-69d4b7814e6a7-1-0-0\" class=\"so-panel widget widget_sow-editor panel-first-child panel-last-child\" data-index=\"1\" ><div\n\t\t\t\n\t\t\tclass=\"so-widget-sow-editor so-widget-sow-editor-base\"\n\t\t\t\n\t\t><h3 class=\"widget-title\">Informa\u00e7\u00e3o do Mapa do Model Event<\/h3>\n<div class=\"siteorigin-widget-tinymce textwidget\">\n\t<ul>\n<li><strong>Mapa<\/strong> &#8211; Mira Norte\n<ul>\n<li>Consultar a p\u00e1gina\u00a0<a href=\"https:\/\/pom.pt\/2026\/mapa-mira-norte-etapas-de-floresta\/\">Mapa Mira Norte &#8211; Etapas de Floresta<\/a><\/li>\n<\/ul>\n<\/li>\n<li><strong>Escalas &#8211; <\/strong>1:7500, 1:10000 &amp; 1:15000 (na mesma folha, na frente e no verso)<\/li>\n<li><strong>Tamanho da Folha<\/strong> &#8211; A4+ horizontal<\/li>\n<li><strong>Ordem recomendada &#8211;<\/strong>No mapa est\u00e1 descrita uma ordem recomendada para realizar o Model Event. O percurso recomendado tem 5,9 km.<\/li>\n<li><strong>Pontos de controlo &#8211;<\/strong> 12 pontos de controlo, materializados no terreno com estaca e baliza (sem box SPORTident)<\/li>\n<\/ul>\n<\/div>\n<\/div><\/div><\/div><div id=\"pgc-gb2308-69d4b7814e6a7-1-1\"  class=\"panel-grid-cell\" ><div id=\"panel-gb2308-69d4b7814e6a7-1-1-0\" class=\"so-panel widget widget_sow-image panel-first-child panel-last-child\" data-index=\"2\" ><div\n\t\t\t\n\t\t\tclass=\"so-widget-sow-image so-widget-sow-image-default-a258e6bfa2d8-2308\"\n\t\t\t\n\t\t>\n<div class=\"sow-image-container\">\n\t\t\t<a href=\"https:\/\/pom.pt\/2026\/wp-content\/uploads\/sites\/17\/2025\/11\/Mira-Norte-map-sample-4.png\"\n\t\t\tdata-lightbox=\"75547500966f5388d374c5255147301\" data-lightbox-options=\"{&quot;overlayColor&quot;:&quot;#000&quot;,&quot;overlayOpacity&quot;:0.8,&quot;fadeDuration&quot;:600,&quot;fitImagesInViewport&quot;:true,&quot;imageFadeDuration&quot;:600,&quot;maxHeight&quot;:&quot;&quot;,&quot;maxWidth&quot;:&quot;&quot;,&quot;positionFromTop&quot;:50,&quot;resizeDuration&quot;:700,&quot;showImageNumberLabel&quot;:true,&quot;wrapAround&quot;:true,&quot;alwaysShowNavOnTouchDevices&quot;:&quot;&quot;,&quot;disabledOnTablet&quot;:&quot;&quot;,&quot;disabledOnMobile&quot;:&quot;&quot;,&quot;disableScrolling&quot;:&quot;&quot;,&quot;disableCaption&quot;:&quot;&quot;,&quot;albumLabel&quot;:&quot; %1 of %2&quot;}\" \t\t>\n\t\t\t<img \n\tsrc=\"https:\/\/pom.pt\/2026\/wp-content\/uploads\/sites\/17\/2025\/11\/Mira-Norte-map-sample-4.png\" width=\"1050\" height=\"1050\" srcset=\"https:\/\/pom.pt\/2026\/wp-content\/uploads\/sites\/17\/2025\/11\/Mira-Norte-map-sample-4.png 1050w, https:\/\/pom.pt\/2026\/wp-content\/uploads\/sites\/17\/2025\/11\/Mira-Norte-map-sample-4-300x300.png 300w, https:\/\/pom.pt\/2026\/wp-content\/uploads\/sites\/17\/2025\/11\/Mira-Norte-map-sample-4-1024x1024.png 1024w, https:\/\/pom.pt\/2026\/wp-content\/uploads\/sites\/17\/2025\/11\/Mira-Norte-map-sample-4-150x150.png 150w, https:\/\/pom.pt\/2026\/wp-content\/uploads\/sites\/17\/2025\/11\/Mira-Norte-map-sample-4-768x768.png 768w, https:\/\/pom.pt\/2026\/wp-content\/uploads\/sites\/17\/2025\/11\/Mira-Norte-map-sample-4-375x375.png 375w\" sizes=\"(max-width: 1050px) 100vw, 1050px\" title=\"Mira Norte map sample 4\" alt=\"\" \t\tclass=\"so-widget-image\"\/>\n\t\t\t<\/a><\/div>\n\n<\/div><\/div><\/div><\/div><\/div><div id=\"pg-gb2308-69d4b7814e6a7-2\"  class=\"panel-grid panel-has-style\" ><div class=\"panel-row-style panel-row-style-for-gb2308-69d4b7814e6a7-2\" ><div id=\"pgc-gb2308-69d4b7814e6a7-2-0\"  class=\"panel-grid-cell\" ><div id=\"panel-gb2308-69d4b7814e6a7-2-0-0\" class=\"so-panel widget widget_sow-editor panel-first-child panel-last-child\" data-index=\"3\" ><div\n\t\t\t\n\t\t\tclass=\"so-widget-sow-editor so-widget-sow-editor-base\"\n\t\t\t\n\t\t><h3 class=\"widget-title\">Estacionamento<\/h3>\n<div class=\"siteorigin-widget-tinymce textwidget\">\n\t<p>No Campo de Tiro: <a href=\"https:\/\/maps.app.goo.gl\/Hk67duAom8aXL6Cg9\" target=\"_blank\" rel=\"noopener\">40.4530, -8.7627<\/a>.<\/p>\n<p>Uma vez cheio, os participantes devem estacionar ao longo da estrada de terra batida.<\/p>\n<p><strong>Todas as caravanas e autocarros devem estacionar ao longo da estrada de terra batida.<\/strong><\/p>\n<p>&nbsp;<\/p>\n<p><em><strong data-start=\"110\" data-end=\"130\">NOTA IMPORTANTE:<\/strong> Tendo em conta que, no mapa do Model Event, existe um Campo de Tiro, \u00e9 normal que se ou\u00e7am disparos. Os atletas devem ter esta situa\u00e7\u00e3o em considera\u00e7\u00e3o, n\u00e3o havendo, no entanto, motivo para preocupa\u00e7\u00e3o.<\/em><\/p>\n<p>&nbsp;<\/p>\n<\/div>\n<\/div><\/div><\/div><\/div><\/div><\/div>\n\n\n<p><\/p>\n","protected":false},"excerpt":{"rendered":"<p>de Quinta-Feira, 12 de fevereiro a Ter\u00e7a-Feira 17 de fevereiro Os mapas do Model Event dever\u00e3o ser levantados no Centro de Evento, localizado no Museu dos Palheiros de Mira \u2013 Praia de Mira. &nbsp; Informa\u00e7\u00e3o importante sobre o terreno do Model Event Na zona do Model Event existem diversos p\u00e2ntanos. Devido \u00e0s intensas chuvas das \u00faltimas semanas, os p\u00e2ntanos est\u00e3o com bastante \u00e1gua, muito mais do que o habitual. Em algumas zonas tamb\u00e9m existe acumula\u00e7\u00e3o de \u00e1gua em locais onde no mapa n\u00e3o est\u00e1 assinalado p\u00e2ntano. Mapa &#8211; Mira Norte Consultar a p\u00e1gina\u00a0Mapa Mira Norte &#8211; Etapas de Floresta Escalas &#8211; 1:7500, 1:10000 &amp; 1:15000 (na mesma folha, na frente [&hellip;]<\/p>\n","protected":false},"author":17,"featured_media":0,"parent":0,"menu_order":0,"comment_status":"closed","ping_status":"closed","template":"","meta":{"_monsterinsights_skip_tracking":false,"_monsterinsights_sitenote_active":false,"_monsterinsights_sitenote_note":"","_monsterinsights_sitenote_category":0,"footnotes":""},"class_list":["post-2308","page","type-page","status-publish","hentry","post"],"_links":{"self":[{"href":"https:\/\/pom.pt\/2026\/wp-json\/wp\/v2\/pages\/2308","targetHints":{"allow":["GET"]}}],"collection":[{"href":"https:\/\/pom.pt\/2026\/wp-json\/wp\/v2\/pages"}],"about":[{"href":"https:\/\/pom.pt\/2026\/wp-json\/wp\/v2\/types\/page"}],"author":[{"embeddable":true,"href":"https:\/\/pom.pt\/2026\/wp-json\/wp\/v2\/users\/17"}],"replies":[{"embeddable":true,"href":"https:\/\/pom.pt\/2026\/wp-json\/wp\/v2\/comments?post=2308"}],"version-history":[{"count":14,"href":"https:\/\/pom.pt\/2026\/wp-json\/wp\/v2\/pages\/2308\/revisions"}],"predecessor-version":[{"id":2938,"href":"https:\/\/pom.pt\/2026\/wp-json\/wp\/v2\/pages\/2308\/revisions\/2938"}],"wp:attachment":[{"href":"https:\/\/pom.pt\/2026\/wp-json\/wp\/v2\/media?parent=2308"}],"curies":[{"name":"wp","href":"https:\/\/api.w.org\/{rel}","templated":true}]}}