{"id":1642,"date":"2025-10-18T10:12:58","date_gmt":"2025-10-18T09:12:58","guid":{"rendered":"https:\/\/pom.pt\/26\/?page_id=1642"},"modified":"2026-02-09T19:13:45","modified_gmt":"2026-02-09T18:13:45","slug":"programa","status":"publish","type":"page","link":"https:\/\/pom.pt\/2026\/programa\/","title":{"rendered":"Programa"},"content":{"rendered":"<div id=\"pl-gb1642-69ef88b7c0c18\"  class=\"panel-layout\" ><div id=\"pg-gb1642-69ef88b7c0c18-0\"  class=\"panel-grid panel-no-style\" ><div id=\"pgc-gb1642-69ef88b7c0c18-0-0\"  class=\"panel-grid-cell\" ><div id=\"panel-gb1642-69ef88b7c0c18-0-0-0\" class=\"so-panel widget widget_sow-editor panel-first-child panel-last-child\" data-index=\"0\" ><div\n\t\t\t\n\t\t\tclass=\"so-widget-sow-editor so-widget-sow-editor-base\"\n\t\t\t\n\t\t><h3 class=\"widget-title\">Programa<\/h3>\n<div class=\"siteorigin-widget-tinymce textwidget\">\n\t<p><em><strong><span style=\"color: red;\">*Atualizado a 9 de fevereiro de 2026<\/span><\/strong><\/em><\/p>\n<p>&nbsp;<\/p>\n<p><strong>7 de Janeiro de 2026<\/strong><\/p>\n<ul>\n<li>Data Limite para inscri\u00e7\u00f5es com pre\u00e7o reduzido<\/li>\n<\/ul>\n<p><strong>1 de Fevereiro de 2026<\/strong><\/p>\n<ul>\n<li>Data Limite para inscri\u00e7\u00f5es com pre\u00e7o normal<\/li>\n<\/ul>\n<p><strong>4 de Fevereiro de 2026<\/strong><\/p>\n<ul>\n<li>Data Limite para pagamento das inscri\u00e7\u00f5es<\/li>\n<\/ul>\n<p>&nbsp;<\/p>\n<p><strong>12 de Fevereiro (Quinta-Feira)<\/strong><\/p>\n<ul>\n<li><span data-contrast=\"auto\"><strong>10h00 &#8211; 20h00 | <\/strong>Funcionamento do Centro de Evento | Museu dos Palheiros de Mira, Praia de Mira<\/span><span data-ccp-props=\"{&quot;201341983&quot;:0,&quot;335559739&quot;:160,&quot;335559740&quot;:259}\">\u00a0<\/span><\/li>\n<li><strong>Todo o dia | <\/strong>Model Event \u2013 Mira Norte (Campo de Tiro)<\/li>\n<li><strong>17h30 | <\/strong>Abertura do Solo Duro \u2013 Pavilh\u00e3o Municipal de Mira<\/li>\n<\/ul>\n<p><strong>13 de Fevereiro (Sexta-Feira)<\/strong><\/p>\n<ul>\n<li><span data-contrast=\"auto\"><strong>8h00 &#8211; 20h00 | <\/strong>Funcionamento do Centro de Evento | Museu dos Palheiros de Mira, Praia de Mira<\/span><\/li>\n<li><span data-ccp-props=\"{&quot;201341983&quot;:0,&quot;335559739&quot;:160,&quot;335559740&quot;:259}\"><strong>10h30 &#8211; 17h30 | <\/strong>Funcionamento do Babysitting | Museu dos Palheiros de Mira, Praia de Mira<\/span><\/li>\n<li><strong>Todo o dia | <\/strong>Model Event \u2013 Mira Norte (Campo de Tiro)<\/li>\n<li><strong>11h30 |<\/strong>Elite Sprint WRE \u2013 Praia de Mira\n<ul>\n<li><strong>14h30<\/strong> | Entrega de pr\u00e9mios Elite Sprint WRE<\/li>\n<\/ul>\n<\/li>\n<li><strong>15h00<\/strong> | Sprint (restantes escal\u00f5es) \u2013 Praia de Mira<\/li>\n<\/ul>\n<p><strong>14 de Fevereiro (S\u00e1bado)<\/strong><\/p>\n<ul>\n<li><strong>9h30<\/strong> | Dist\u00e2ncia M\u00e9dia WRE \u2013 Mira Norte\n<ul>\n<li><strong>14h30<\/strong>\u00a0| Entrega de pr\u00e9mios WRE (escal\u00f5es de Elite)<\/li>\n<\/ul>\n<\/li>\n<li><strong>14h30<\/strong> | Preo Sprint \u2013 Praia de Mira\n<ul>\n<li><strong>18h00<\/strong> | Entrega de pr\u00e9mios PreO Sprint<\/li>\n<\/ul>\n<\/li>\n<\/ul>\n<p><strong>15 de Fevereiro (Domingo)<\/strong><\/p>\n<ul>\n<li><span class=\"TextRun SCXW139125281 BCX0\" lang=\"PT-PT\" xml:lang=\"PT-PT\" data-contrast=\"auto\"><span class=\"NormalTextRun SCXW139125281 BCX0\"><strong>9h30<\/strong> | <\/span><span class=\"NormalTextRun SCXW139125281 BCX0\">Dist\u00e2ncia Longa \u2013 Mira Norte<\/span><\/span><span class=\"EOP SCXW139125281 BCX0\" data-ccp-props=\"{&quot;201341983&quot;:0,&quot;335559739&quot;:160,&quot;335559740&quot;:259}\">\u00a0<\/span><\/li>\n<\/ul>\n<p><strong>16 de Fevereiro (Segunda-Feira)<\/strong><\/p>\n<ul>\n<li><span class=\"TextRun SCXW231959197 BCX0\" lang=\"PT-PT\" xml:lang=\"PT-PT\" data-contrast=\"auto\"><span class=\"NormalTextRun SCXW231959197 BCX0\"><strong>9h30<\/strong> | <\/span><span class=\"NormalTextRun SCXW231959197 BCX0\">Dist\u00e2ncia M\u00e9dia WRE \u2013 Mira Norte<\/span><\/span><span class=\"EOP SCXW231959197 BCX0\" data-ccp-props=\"{&quot;201341983&quot;:0,&quot;335559739&quot;:0,&quot;335559740&quot;:360}\">\u00a0<\/span>\n<ul>\n<li><span class=\"NormalTextRun SCXW184041249 BCX0\"><strong>14h30<\/strong>\u00a0| <\/span><span class=\"NormalTextRun SCXW184041249 BCX0\">Entrega de pr\u00e9mios WRE (escal\u00f5es de Elite)<\/span><\/li>\n<\/ul>\n<\/li>\n<li><span class=\"NormalTextRun SCXW51088551 BCX0\"><strong>19h00<\/strong> | <\/span><span class=\"NormalTextRun SCXW51088551 BCX0\">Sprint Noturno \u2013 Mira Villas<\/span><\/li>\n<\/ul>\n<p><strong>17 de Fevereiro (Ter\u00e7a-Feira)<\/strong><\/p>\n<ul>\n<li><span class=\"NormalTextRun SCXW116578301 BCX0\"><strong>9h00<\/strong> | <\/span><span class=\"NormalTextRun SCXW116578301 BCX0\">Dist\u00e2ncia Longa \u2013 <\/span><span class=\"NormalTextRun SpellingErrorV2Themed SCXW116578301 BCX0\">Chasing<\/span> <span class=\"NormalTextRun SpellingErrorV2Themed SCXW116578301 BCX0\">Start<\/span><span class=\"NormalTextRun SCXW116578301 BCX0\"> \u2013 Mira Norte<\/span><\/li>\n<li><span class=\"NormalTextRun SCXW116578301 BCX0\"><strong>13h00<\/strong> | Cerim\u00f3nia de Entrega de Pr\u00e9mios POM 2026 <\/span><\/li>\n<li><span class=\"TextRun SCXW225720440 BCX0\" lang=\"PT-PT\" xml:lang=\"PT-PT\" data-contrast=\"auto\"><span class=\"NormalTextRun SCXW225720440 BCX0\"><strong>17h00<\/strong> | Encerramento do Solo Duro \u2013 Pavilh\u00e3o Municipal de Mira<\/span><\/span><\/li>\n<\/ul>\n<\/div>\n<\/div><\/div><\/div><\/div><\/div>","protected":false},"excerpt":{"rendered":"<p>*Atualizado a 9 de fevereiro de 2026 &nbsp; 7 de Janeiro de 2026 Data Limite para inscri\u00e7\u00f5es com pre\u00e7o reduzido 1 de Fevereiro de 2026 Data Limite para inscri\u00e7\u00f5es com pre\u00e7o normal 4 de Fevereiro de 2026 Data Limite para pagamento das inscri\u00e7\u00f5es &nbsp; 12 de Fevereiro (Quinta-Feira) 10h00 &#8211; 20h00 | Funcionamento do Centro de Evento | Museu dos Palheiros de Mira, Praia de Mira\u00a0 Todo o dia | Model Event \u2013 Mira Norte (Campo de Tiro) 17h30 | Abertura do Solo Duro \u2013 Pavilh\u00e3o Municipal de Mira 13 de Fevereiro (Sexta-Feira) 8h00 &#8211; 20h00 | Funcionamento do Centro de Evento | Museu dos Palheiros de Mira, Praia de [&hellip;]<\/p>\n","protected":false},"author":17,"featured_media":0,"parent":0,"menu_order":0,"comment_status":"closed","ping_status":"closed","template":"","meta":{"_monsterinsights_skip_tracking":false,"_monsterinsights_sitenote_active":false,"_monsterinsights_sitenote_note":"","_monsterinsights_sitenote_category":0,"footnotes":""},"class_list":["post-1642","page","type-page","status-publish","hentry","post"],"_links":{"self":[{"href":"https:\/\/pom.pt\/2026\/wp-json\/wp\/v2\/pages\/1642","targetHints":{"allow":["GET"]}}],"collection":[{"href":"https:\/\/pom.pt\/2026\/wp-json\/wp\/v2\/pages"}],"about":[{"href":"https:\/\/pom.pt\/2026\/wp-json\/wp\/v2\/types\/page"}],"author":[{"embeddable":true,"href":"https:\/\/pom.pt\/2026\/wp-json\/wp\/v2\/users\/17"}],"replies":[{"embeddable":true,"href":"https:\/\/pom.pt\/2026\/wp-json\/wp\/v2\/comments?post=1642"}],"version-history":[{"count":10,"href":"https:\/\/pom.pt\/2026\/wp-json\/wp\/v2\/pages\/1642\/revisions"}],"predecessor-version":[{"id":3170,"href":"https:\/\/pom.pt\/2026\/wp-json\/wp\/v2\/pages\/1642\/revisions\/3170"}],"wp:attachment":[{"href":"https:\/\/pom.pt\/2026\/wp-json\/wp\/v2\/media?parent=1642"}],"curies":[{"name":"wp","href":"https:\/\/api.w.org\/{rel}","templated":true}]}}

<div id="pl-gb1642-69ef88b7c0c18"  class="panel-layout" ><div id="pg-gb1642-69ef88b7c0c18-0"  class="panel-grid panel-no-style" ><div id="pgc-gb1642-69ef88b7c0c18-0-0"  class="panel-grid-cell" ><div id="panel-gb1642-69ef88b7c0c18-0-0-0" class="so-panel widget widget_sow-editor panel-first-child panel-last-child" data-index="0" ><div
			
			class="so-widget-sow-editor so-widget-sow-editor-base"
			
		><h3 class="widget-title">Programa</h3>
<div class="siteorigin-widget-tinymce textwidget">
	<p><em><strong><span style="color: red;">*Atualizado a 9 de fevereiro de 2026</span></strong></em></p>
<p>&nbsp;</p>
<p><strong>7 de Janeiro de 2026</strong></p>
<ul>
<li>Data Limite para inscrições com preço reduzido</li>
</ul>
<p><strong>1 de Fevereiro de 2026</strong></p>
<ul>
<li>Data Limite para inscrições com preço normal</li>
</ul>
<p><strong>4 de Fevereiro de 2026</strong></p>
<ul>
<li>Data Limite para pagamento das inscrições</li>
</ul>
<p>&nbsp;</p>
<p><strong>12 de Fevereiro (Quinta-Feira)</strong></p>
<ul>
<li><span data-contrast="auto"><strong>10h00 &#8211; 20h00 | </strong>Funcionamento do Centro de Evento | Museu dos Palheiros de Mira, Praia de Mira</span><span data-ccp-props="{&quot;201341983&quot;:0,&quot;335559739&quot;:160,&quot;335559740&quot;:259}"> </span></li>
<li><strong>Todo o dia | </strong>Model Event – Mira Norte (Campo de Tiro)</li>
<li><strong>17h30 | </strong>Abertura do Solo Duro – Pavilhão Municipal de Mira</li>
</ul>
<p><strong>13 de Fevereiro (Sexta-Feira)</strong></p>
<ul>
<li><span data-contrast="auto"><strong>8h00 &#8211; 20h00 | </strong>Funcionamento do Centro de Evento | Museu dos Palheiros de Mira, Praia de Mira</span></li>
<li><span data-ccp-props="{&quot;201341983&quot;:0,&quot;335559739&quot;:160,&quot;335559740&quot;:259}"><strong>10h30 &#8211; 17h30 | </strong>Funcionamento do Babysitting | Museu dos Palheiros de Mira, Praia de Mira</span></li>
<li><strong>Todo o dia | </strong>Model Event – Mira Norte (Campo de Tiro)</li>
<li><strong>11h30 |</strong>Elite Sprint WRE – Praia de Mira
<ul>
<li><strong>14h30</strong> | Entrega de prémios Elite Sprint WRE</li>
</ul>
</li>
<li><strong>15h00</strong> | Sprint (restantes escalões) – Praia de Mira</li>
</ul>
<p><strong>14 de Fevereiro (Sábado)</strong></p>
<ul>
<li><strong>9h30</strong> | Distância Média WRE – Mira Norte
<ul>
<li><strong>14h30</strong> | Entrega de prémios WRE (escalões de Elite)</li>
</ul>
</li>
<li><strong>14h30</strong> | Preo Sprint – Praia de Mira
<ul>
<li><strong>18h00</strong> | Entrega de prémios PreO Sprint</li>
</ul>
</li>
</ul>
<p><strong>15 de Fevereiro (Domingo)</strong></p>
<ul>
<li><span class="TextRun SCXW139125281 BCX0" lang="PT-PT" xml:lang="PT-PT" data-contrast="auto"><span class="NormalTextRun SCXW139125281 BCX0"><strong>9h30</strong> | </span><span class="NormalTextRun SCXW139125281 BCX0">Distância Longa – Mira Norte</span></span><span class="EOP SCXW139125281 BCX0" data-ccp-props="{&quot;201341983&quot;:0,&quot;335559739&quot;:160,&quot;335559740&quot;:259}"> </span></li>
</ul>
<p><strong>16 de Fevereiro (Segunda-Feira)</strong></p>
<ul>
<li><span class="TextRun SCXW231959197 BCX0" lang="PT-PT" xml:lang="PT-PT" data-contrast="auto"><span class="NormalTextRun SCXW231959197 BCX0"><strong>9h30</strong> | </span><span class="NormalTextRun SCXW231959197 BCX0">Distância Média WRE – Mira Norte</span></span><span class="EOP SCXW231959197 BCX0" data-ccp-props="{&quot;201341983&quot;:0,&quot;335559739&quot;:0,&quot;335559740&quot;:360}"> </span>
<ul>
<li><span class="NormalTextRun SCXW184041249 BCX0"><strong>14h30</strong> | </span><span class="NormalTextRun SCXW184041249 BCX0">Entrega de prémios WRE (escalões de Elite)</span></li>
</ul>
</li>
<li><span class="NormalTextRun SCXW51088551 BCX0"><strong>19h00</strong> | </span><span class="NormalTextRun SCXW51088551 BCX0">Sprint Noturno – Mira Villas</span></li>
</ul>
<p><strong>17 de Fevereiro (Terça-Feira)</strong></p>
<ul>
<li><span class="NormalTextRun SCXW116578301 BCX0"><strong>9h00</strong> | </span><span class="NormalTextRun SCXW116578301 BCX0">Distância Longa – </span><span class="NormalTextRun SpellingErrorV2Themed SCXW116578301 BCX0">Chasing</span> <span class="NormalTextRun SpellingErrorV2Themed SCXW116578301 BCX0">Start</span><span class="NormalTextRun SCXW116578301 BCX0"> – Mira Norte</span></li>
<li><span class="NormalTextRun SCXW116578301 BCX0"><strong>13h00</strong> | Cerimónia de Entrega de Prémios POM 2026 </span></li>
<li><span class="TextRun SCXW225720440 BCX0" lang="PT-PT" xml:lang="PT-PT" data-contrast="auto"><span class="NormalTextRun SCXW225720440 BCX0"><strong>17h00</strong> | Encerramento do Solo Duro – Pavilhão Municipal de Mira</span></span></li>
</ul>
</div>
</div></div></div></div></div>

<p>*Atualizado a 9 de fevereiro de 2026 &nbsp; 7 de Janeiro de 2026 Data Limite para inscrições com preço reduzido 1 de Fevereiro de 2026 Data Limite para inscrições com preço normal 4 de Fevereiro de 2026 Data Limite para pagamento das inscrições &nbsp; 12 de Fevereiro (Quinta-Feira) 10h00 &#8211; 20h00 | Funcionamento do Centro de Evento | Museu dos Palheiros de Mira, Praia de Mira  Todo o dia | Model Event – Mira Norte (Campo de Tiro) 17h30 | Abertura do Solo Duro – Pavilhão Municipal de Mira 13 de Fevereiro (Sexta-Feira) 8h00 &#8211; 20h00 | Funcionamento do Centro de Evento | Museu dos Palheiros de Mira, Praia de [&hellip;]</p>
