{"id":345,"date":"2020-08-06T16:20:44","date_gmt":"2020-08-06T16:20:44","guid":{"rendered":"http:\/\/pom.pt\/2024\/?page_id=345"},"modified":"2023-12-27T17:35:45","modified_gmt":"2023-12-27T17:35:45","slug":"introduction","status":"publish","type":"page","link":"https:\/\/pom.pt\/2024\/introduction\/","title":{"rendered":"Introduction"},"content":{"rendered":"<p><\/p>\n<p class=\"_04xlpA direction-ltr align-justify para-style-body\"><span class=\"S1PPyQ\">It is with particular emotion that the citie of Almeida and the villages of Amoreira, Miuzela do C\u00f4a, the Associa\u00e7\u00e3o Desportiva do Mondego and the whole organization of<\/span> <span class=\"S1PPyQ\">Portugal \u201cO\u201d Meeting 2024, the biggest event of orienteering in Portugal, welcomes you.<\/span><\/p>\n<p class=\"_04xlpA direction-ltr align-justify para-style-body\"><span class=\"S1PPyQ\">An Important event of Orientering on the national sports calendar, which usually counts with a significant and important presence of the best national and international athletes, the Portugal \u201cO\u201d Meeting<\/span> <span class=\"S1PPyQ\">makes us pull through all our energies and wishes in order to organize a serious capable and memorable, event.<\/span><\/p>\n<p class=\"_04xlpA direction-ltr align-justify para-style-body\"><span class=\"S1PPyQ\">And, because the organizational level of the previus Portugal \u201cO\u201d Meeting<\/span> <span class=\"S1PPyQ\">has already reached very high levels, there is always a great responsibility for those who, year after year, are struggling to organize another Portugal \u201cO\u201d Meeting<\/span><\/p>\n<p class=\"_04xlpA direction-ltr align-justify para-style-body\"><span class=\"S1PPyQ\">But, we are Almeida, the historical star-shaped village.<\/span><\/p>\n<p class=\"_04xlpA direction-ltr align-justify para-style-body\"><span class=\"S1PPyQ\">And it is also why, enjoying receiving with open arms who visits us, enjoying to show what is ours, enjoying sharing, working and loving Orienteering, we are motivated to receive you. Being able to count on your presence at our \u201chome\u201d is not only a reason for pride, but also a great satisfaction.<\/span><\/p>\n<p class=\"_04xlpA direction-ltr align-justify para-style-body\"><span class=\"S1PPyQ\">We are ready, let\u2019s roll up our sleeves and, with the help and work of all, we will do everything to provide you moments of pure competition, conviviality and pleasure. Give us the pleasure of your presence and company and, we are sure, you will not regret it.<\/span><\/p>\n<p class=\"_04xlpA direction-ltr align-justify para-style-body\"><span class=\"S1PPyQ\">Accept our challenge and help us make the POM2024 an unforgettable event.<\/span><\/p>\n<p><\/p>","protected":false},"excerpt":{"rendered":"<p>It is with particular emotion that the citie of Almeida and the villages of Amoreira, Miuzela do C\u00f4a, the Associa\u00e7\u00e3o Desportiva do Mondego and the whole organization of Portugal \u201cO\u201d Meeting 2024, the biggest event of orienteering in Portugal, welcomes you. An Important event of Orientering on the national sports calendar, which usually counts with a significant and important presence of the best national and international athletes, the Portugal \u201cO\u201d Meeting makes us pull through all our energies and wishes in order to organize a serious capable and memorable, event. And, because the organizational level of the previus Portugal \u201cO\u201d Meeting has already reached very high levels, there is always [&hellip;]<\/p>\n","protected":false},"author":12,"featured_media":0,"parent":0,"menu_order":0,"comment_status":"closed","ping_status":"closed","template":"","meta":{"_monsterinsights_skip_tracking":false,"_monsterinsights_sitenote_active":false,"_monsterinsights_sitenote_note":"","_monsterinsights_sitenote_category":0,"footnotes":""},"class_list":["post-345","page","type-page","status-publish","hentry"],"_links":{"self":[{"href":"https:\/\/pom.pt\/2024\/wp-json\/wp\/v2\/pages\/345","targetHints":{"allow":["GET"]}}],"collection":[{"href":"https:\/\/pom.pt\/2024\/wp-json\/wp\/v2\/pages"}],"about":[{"href":"https:\/\/pom.pt\/2024\/wp-json\/wp\/v2\/types\/page"}],"author":[{"embeddable":true,"href":"https:\/\/pom.pt\/2024\/wp-json\/wp\/v2\/users\/12"}],"replies":[{"embeddable":true,"href":"https:\/\/pom.pt\/2024\/wp-json\/wp\/v2\/comments?post=345"}],"version-history":[{"count":5,"href":"https:\/\/pom.pt\/2024\/wp-json\/wp\/v2\/pages\/345\/revisions"}],"predecessor-version":[{"id":711,"href":"https:\/\/pom.pt\/2024\/wp-json\/wp\/v2\/pages\/345\/revisions\/711"}],"wp:attachment":[{"href":"https:\/\/pom.pt\/2024\/wp-json\/wp\/v2\/media?parent=345"}],"curies":[{"name":"wp","href":"https:\/\/api.w.org\/{rel}","templated":true}]}}