{"id":366,"date":"2020-08-06T16:58:17","date_gmt":"2020-08-06T16:58:17","guid":{"rendered":"http:\/\/pom.pt\/2024\/?page_id=366"},"modified":"2024-02-08T03:27:32","modified_gmt":"2024-02-08T03:27:32","slug":"location","status":"publish","type":"page","link":"https:\/\/pom.pt\/2024\/pt\/localizacao\/","title":{"rendered":"Localiza\u00e7\u00e3o"},"content":{"rendered":"<p>O evento realizar-se-\u00e1 na Vila de Almeida, e nas freguesias de Amoreira e Miuzela do C\u00f4a<\/p>\r\n<p><a href=\"https:\/\/www.google.com\/maps\/d\/u\/0\/edit?mid=1Ws6VEKtSaaE-T07q9H7TOPO_X72GKEY&amp;usp=sharing\" target=\"_blank\" rel=\"noopener\">MAPA<\/a><\/p>\r\n<h3><span style=\"font-size: 24pt\">GPS coordinates<\/span><\/h3>\r\n<p><span style=\"font-size: 18pt;color: #0000ff\"><strong><em>Almeida<\/em><\/strong><\/span><\/p>\r\n<p><strong>\u00a0<\/strong><strong>Event Center<\/strong>\u00a0| <strong>Model event | <\/strong><strong>Sprint Relay<\/strong><\/p>\r\n<p style=\"padding-left: 40px\">40.72450, -6.90057\u00a0 | \u00a040\u00b043&#8217;28.2&#8243;N 6\u00b054&#8217;02.1&#8243;W<\/p>\r\n<p><strong>Parking<\/strong><\/p>\r\n<p style=\"padding-left: 40px\">40.72295, -6.90211 \u00a0|\u00a0 40\u00b043&#8217;22.6&#8243;N 6\u00b054&#8217;07.6&#8243;W<\/p>\r\n<p><strong>Pr\u00e9 O \u2013 Arena<\/strong><\/p>\r\n<p style=\"padding-left: 40px\">40.74654, -6.9480\u00a0 | 40\u00b044&#8217;47.5&#8243;N 6\u00b056&#8217;52.8&#8243;W<\/p>\r\n<p><br \/><br \/><span style=\"font-size: 18pt;color: #0000ff\"><strong><em>Vilar Formoso<\/em><\/strong><\/span><\/p>\r\n<p><strong>\u00a0<\/strong><strong>Hard floor<\/strong><\/p>\r\n<p style=\"padding-left: 40px\">40.603723, -6.830549 \u00a0| \u00a036\u00b056\u201939\u201dN+10\u00b022\u201939\u201dW<br \/><br \/><\/p>\r\n<p><span style=\"font-size: 18pt;color: #0000ff\"><strong><em>Amoreira \/ Parada \/ Cabreira<\/em><\/strong><\/span><\/p>\r\n<p><strong>Days 1<\/strong><strong>, 2, 3, 4 &#8211; Arena<\/strong><\/p>\r\n<p style=\"padding-left: 40px\">40.578994, -7.016884 \u00a0| 40\u00b034&#8217;44.4&#8243;N 7\u00b001&#8217;00.8&#8243;W<\/p>\r\n<p><strong>BabySitting &#8211; &#8220;ASTA&#8221;<\/strong><\/p>\r\n<p style=\"padding-left: 40px\">40.571362, -7.011321 \u00a0|\u00a0 40\u00b034&#8217;16.9&#8243;N 7\u00b000&#8217;40.8&#8243;W<\/p>\r\n<p><span style=\"font-size: 18pt;color: #0000ff\"><strong><em>Miuzela do C\u00f4a<\/em><\/strong><\/span><\/p>\r\n<p><strong>Night sprint\u00a0 \/\u00a0 Dinner<\/strong><\/p>\r\n<p style=\"padding-left: 40px\"><strong>\u00a0<\/strong>40.510962, -7.006089\u00a0 |\u00a0 40\u00b030&#8217;39.5&#8243;N 7\u00b000&#8217;21.9&#8243;W<\/p>\r\n<h3 class=\"wp-block-heading\">\u00a0<\/h3>\r\n<p>&nbsp;<\/p>\r\n<p>&nbsp;<\/p>\r\n<p>&nbsp;<\/p>\r\n<p><code><\/code><\/p>","protected":false},"excerpt":{"rendered":"<p>O evento realizar-se-\u00e1 na Vila de Almeida, e nas freguesias de Amoreira e Miuzela do C\u00f4a MAPA GPS coordinates Almeida \u00a0Event Center\u00a0| Model event | Sprint Relay 40.72450, -6.90057\u00a0 | \u00a040\u00b043&#8217;28.2&#8243;N 6\u00b054&#8217;02.1&#8243;W Parking 40.72295, -6.90211 \u00a0|\u00a0 40\u00b043&#8217;22.6&#8243;N 6\u00b054&#8217;07.6&#8243;W Pr\u00e9 O \u2013 Arena 40.74654, -6.9480\u00a0 | 40\u00b044&#8217;47.5&#8243;N 6\u00b056&#8217;52.8&#8243;W Vilar Formoso \u00a0Hard floor 40.603723, -6.830549 \u00a0| \u00a036\u00b056\u201939\u201dN+10\u00b022\u201939\u201dW Amoreira \/ Parada \/ Cabreira Days 1, 2, 3, 4 &#8211; Arena 40.578994, -7.016884 \u00a0| 40\u00b034&#8217;44.4&#8243;N 7\u00b001&#8217;00.8&#8243;W BabySitting &#8211; &#8220;ASTA&#8221; 40.571362, -7.011321 \u00a0|\u00a0 40\u00b034&#8217;16.9&#8243;N 7\u00b000&#8217;40.8&#8243;W Miuzela do C\u00f4a Night sprint\u00a0 \/\u00a0 Dinner \u00a040.510962, -7.006089\u00a0 |\u00a0 40\u00b030&#8217;39.5&#8243;N 7\u00b000&#8217;21.9&#8243;W \u00a0 &nbsp; &nbsp; &nbsp;<\/p>\n","protected":false},"author":12,"featured_media":0,"parent":0,"menu_order":0,"comment_status":"closed","ping_status":"closed","template":"","meta":{"_monsterinsights_skip_tracking":false,"_monsterinsights_sitenote_active":false,"_monsterinsights_sitenote_note":"","_monsterinsights_sitenote_category":0,"footnotes":""},"class_list":["post-366","page","type-page","status-publish","hentry"],"_links":{"self":[{"href":"https:\/\/pom.pt\/2024\/pt\/wp-json\/wp\/v2\/pages\/366","targetHints":{"allow":["GET"]}}],"collection":[{"href":"https:\/\/pom.pt\/2024\/pt\/wp-json\/wp\/v2\/pages"}],"about":[{"href":"https:\/\/pom.pt\/2024\/pt\/wp-json\/wp\/v2\/types\/page"}],"author":[{"embeddable":true,"href":"https:\/\/pom.pt\/2024\/pt\/wp-json\/wp\/v2\/users\/12"}],"replies":[{"embeddable":true,"href":"https:\/\/pom.pt\/2024\/pt\/wp-json\/wp\/v2\/comments?post=366"}],"version-history":[{"count":42,"href":"https:\/\/pom.pt\/2024\/pt\/wp-json\/wp\/v2\/pages\/366\/revisions"}],"predecessor-version":[{"id":1141,"href":"https:\/\/pom.pt\/2024\/pt\/wp-json\/wp\/v2\/pages\/366\/revisions\/1141"}],"wp:attachment":[{"href":"https:\/\/pom.pt\/2024\/pt\/wp-json\/wp\/v2\/media?parent=366"}],"curies":[{"name":"wp","href":"https:\/\/api.w.org\/{rel}","templated":true}]}}

Localização

<p>O evento realizar-se-á na Vila de Almeida, e nas freguesias de Amoreira e Miuzela do Côa</p>
<p><a href="https://www.google.com/maps/d/u/0/edit?mid=1Ws6VEKtSaaE-T07q9H7TOPO_X72GKEY&amp;usp=sharing" target="_blank" rel="noopener">MAPA</a></p>
<h3><span style="font-size: 24pt">GPS coordinates</span></h3>
<p><span style="font-size: 18pt;color: #0000ff"><strong><em>Almeida</em></strong></span></p>
<p><strong> </strong><strong>Event Center</strong> | <strong>Model event | </strong><strong>Sprint Relay</strong></p>
<p style="padding-left: 40px">40.72450, -6.90057  |  40°43&#8217;28.2&#8243;N 6°54&#8217;02.1&#8243;W</p>
<p><strong>Parking</strong></p>
<p style="padding-left: 40px">40.72295, -6.90211  |  40°43&#8217;22.6&#8243;N 6°54&#8217;07.6&#8243;W</p>
<p><strong>Pré O – Arena</strong></p>
<p style="padding-left: 40px">40.74654, -6.9480  | 40°44&#8217;47.5&#8243;N 6°56&#8217;52.8&#8243;W</p>
<p><br /><br /><span style="font-size: 18pt;color: #0000ff"><strong><em>Vilar Formoso</em></strong></span></p>
<p><strong> </strong><strong>Hard floor</strong></p>
<p style="padding-left: 40px">40.603723, -6.830549  |  36°56’39”N+10°22’39”W<br /><br /></p>
<p><span style="font-size: 18pt;color: #0000ff"><strong><em>Amoreira / Parada / Cabreira</em></strong></span></p>
<p><strong>Days 1</strong><strong>, 2, 3, 4 &#8211; Arena</strong></p>
<p style="padding-left: 40px">40.578994, -7.016884  | 40°34&#8217;44.4&#8243;N 7°01&#8217;00.8&#8243;W</p>
<p><strong>BabySitting &#8211; &#8220;ASTA&#8221;</strong></p>
<p style="padding-left: 40px">40.571362, -7.011321  |  40°34&#8217;16.9&#8243;N 7°00&#8217;40.8&#8243;W</p>
<p><span style="font-size: 18pt;color: #0000ff"><strong><em>Miuzela do Côa</em></strong></span></p>
<p><strong>Night sprint  /  Dinner</strong></p>
<p style="padding-left: 40px"><strong> </strong>40.510962, -7.006089  |  40°30&#8217;39.5&#8243;N 7°00&#8217;21.9&#8243;W</p>
<h3 class="wp-block-heading"> </h3>
<p>&nbsp;</p>
<p>&nbsp;</p>
<p>&nbsp;</p>
<p><code></code></p>

<p>O evento realizar-se-á na Vila de Almeida, e nas freguesias de Amoreira e Miuzela do Côa MAPA GPS coordinates Almeida  Event Center | Model event | Sprint Relay 40.72450, -6.90057  |  40°43&#8217;28.2&#8243;N 6°54&#8217;02.1&#8243;W Parking 40.72295, -6.90211  |  40°43&#8217;22.6&#8243;N 6°54&#8217;07.6&#8243;W Pré O – Arena 40.74654, -6.9480  | 40°44&#8217;47.5&#8243;N 6°56&#8217;52.8&#8243;W Vilar Formoso  Hard floor 40.603723, -6.830549  |  36°56’39”N+10°22’39”W Amoreira / Parada / Cabreira Days 1, 2, 3, 4 &#8211; Arena 40.578994, -7.016884  | 40°34&#8217;44.4&#8243;N 7°01&#8217;00.8&#8243;W BabySitting &#8211; &#8220;ASTA&#8221; 40.571362, -7.011321  |  40°34&#8217;16.9&#8243;N 7°00&#8217;40.8&#8243;W Miuzela do Côa Night sprint  /  Dinner  40.510962, -7.006089  |  40°30&#8217;39.5&#8243;N 7°00&#8217;21.9&#8243;W   &nbsp; &nbsp; &nbsp;</p>
