{"id":362,"date":"2020-08-06T16:57:23","date_gmt":"2020-08-06T16:57:23","guid":{"rendered":"http:\/\/pom.pt\/2022\/?page_id=362"},"modified":"2020-08-07T17:31:49","modified_gmt":"2020-08-07T17:31:49","slug":"english-how-to-pay","status":"publish","type":"page","link":"https:\/\/pom.pt\/2022\/english-how-to-pay\/","title":{"rendered":"How to pay"},"content":{"rendered":"<p>All payments are to must be made to the Federa\u00e7\u00e3o Portuguesa de Orienta\u00e7\u00e3o &#8211; FPO, as follows (all charges are paid by sender):<\/p>\n<p><strong>Payment data:<\/strong><\/p>\n<p><strong>Bank<\/strong>: Caixa Geral de Dep\u00f3sitos<br \/>\n<strong>Branch<\/strong>: Marinha Grande<\/p>\n<p><strong>Name: <\/strong>Federa\u00e7\u00e3o Portuguesa de Orienta\u00e7\u00e3o &#8211; FPO<\/p>\n<p><strong>IBAN<\/strong>: PT50 0035 0441000 4259 6930 27<br \/>\n<strong>SWIFT CODE BIC<\/strong>:\u00a0CGDIPTPL<\/p>\n<p><strong>Branch address<\/strong>:<br \/>\nCaixa Geral de Dep\u00f3sitos<br \/>\nEstrada da Vieira n\u00ba 4, Bairro Florestal<br \/>\n2430-401 Marinha Grande<br \/>\nPortugal<br \/>\n<strong><br \/>\n<span style=\"color: #000000;\">Payment process<\/span><\/strong><\/p>\n<p><span style=\"color: #000000;\"><strong>If you have made an Express Entry in\u00a0<a style=\"color: #000000;\" title=\"Entries platform - OriOasis POM2015\" href=\"http:\/\/www.orioasis.pt\/oasis\/entries.php?action=club_class&amp;eventid=2139\" target=\"_blank\" rel=\"noopener noreferrer\">OriOasis<\/a>, please include the Express Code on payment description.<\/strong><strong><br \/>\n<\/strong><\/span><\/p>\n<p><span style=\"color: #000000;\">For\u00a0<strong>full club payment<\/strong>, please indicate the club name on the description.<\/span><br \/>\n<span style=\"color: #000000;\">For\u00a0<strong>partial club payments<\/strong>, please include the club name and athlete list in the confirmation comment, or send us an email\u00a0(<a style=\"color: #000000;\" href=\"mailto:entries@pom.pt\" target=\"_blank\" rel=\"noopener noreferrer\">entries@pom.pt<\/a>) listing all athletes included in the payment and the confirmation as an attachment.<\/span><\/p>\n<p><span style=\"color: #000000;\">Notes: For all bank transfer you make, please send us a bank transfer confirmation by home banking services or by email to <a style=\"color: #000000;\" href=\"mailto:entries@pom.pt\" target=\"_blank\" rel=\"noopener noreferrer\">entries@pom.pt<\/a><\/span><\/p>\n<p><span style=\"color: #000000;\">All transfer expenses should be supported by the one ordering the transfer.\u00a0Any transfer expenses charged by the bank to the Organization will be added to the club open fee.<\/span><\/p>\n<p><span style=\"color: #000000;\">Please use the email address <a style=\"color: #000000;\" href=\"mailto:entries@pom.pt\" target=\"_blank\" rel=\"noopener noreferrer\">entries@pom.pt<\/a>\u00a0for all the emails related to the payment process.<\/span><\/p>","protected":false},"excerpt":{"rendered":"<p>All payments are to must be made to the Federa\u00e7\u00e3o Portuguesa de Orienta\u00e7\u00e3o &#8211; FPO, as follows (all charges are paid by sender): Payment data: Bank: Caixa Geral de Dep\u00f3sitos Branch: Marinha Grande Name: Federa\u00e7\u00e3o Portuguesa de Orienta\u00e7\u00e3o &#8211; FPO IBAN: PT50 0035 0441000 4259 6930 27 SWIFT CODE BIC:\u00a0CGDIPTPL Branch address: Caixa Geral de Dep\u00f3sitos Estrada da Vieira n\u00ba 4, Bairro Florestal 2430-401 Marinha Grande Portugal Payment process If you have made an Express Entry in\u00a0OriOasis, please include the Express Code on payment description. For\u00a0full club payment, please indicate the club name on the description. For\u00a0partial club payments, please include the club name and athlete list in the confirmation [&hellip;]<\/p>\n","protected":false},"author":12,"featured_media":0,"parent":0,"menu_order":0,"comment_status":"closed","ping_status":"closed","template":"","meta":{"_monsterinsights_skip_tracking":false,"_monsterinsights_sitenote_active":false,"_monsterinsights_sitenote_note":"","_monsterinsights_sitenote_category":0,"footnotes":""},"class_list":["post-362","page","type-page","status-publish","hentry"],"_links":{"self":[{"href":"https:\/\/pom.pt\/2022\/wp-json\/wp\/v2\/pages\/362","targetHints":{"allow":["GET"]}}],"collection":[{"href":"https:\/\/pom.pt\/2022\/wp-json\/wp\/v2\/pages"}],"about":[{"href":"https:\/\/pom.pt\/2022\/wp-json\/wp\/v2\/types\/page"}],"author":[{"embeddable":true,"href":"https:\/\/pom.pt\/2022\/wp-json\/wp\/v2\/users\/12"}],"replies":[{"embeddable":true,"href":"https:\/\/pom.pt\/2022\/wp-json\/wp\/v2\/comments?post=362"}],"version-history":[{"count":2,"href":"https:\/\/pom.pt\/2022\/wp-json\/wp\/v2\/pages\/362\/revisions"}],"predecessor-version":[{"id":381,"href":"https:\/\/pom.pt\/2022\/wp-json\/wp\/v2\/pages\/362\/revisions\/381"}],"wp:attachment":[{"href":"https:\/\/pom.pt\/2022\/wp-json\/wp\/v2\/media?parent=362"}],"curies":[{"name":"wp","href":"https:\/\/api.w.org\/{rel}","templated":true}]}}