{"id":274,"date":"2018-09-07T10:13:01","date_gmt":"2018-09-07T10:13:01","guid":{"rendered":"http:\/\/pom.pt\/2019\/?page_id=274"},"modified":"2019-02-25T01:00:48","modified_gmt":"2019-02-25T01:00:48","slug":"sprint-noturno-arena-buarcos","status":"publish","type":"page","link":"https:\/\/pom.pt\/2019\/localizacao\/sprint-noturno-arena-buarcos\/","title":{"rendered":"Sprint Noturno: Buarcos"},"content":{"rendered":"<p><strong>Mapa:<\/strong>\u00a0Buarcos (atualizado em 2018)<\/p>\n<p><strong>Terreno:<\/strong>\u00a0\u00c1rea urbana constitu\u00edda por duas zonas distintas, uma com ruas muito estreitas e outra com ruas muito geom\u00e9tricas.<\/p>\n<p>&nbsp;<\/p>\n<p><strong>Cart\u00f3grafo:<\/strong>\u00a0Rafael Miguel (Portugal)<\/p>\n<p><strong>Tra\u00e7ador de percursos:<\/strong>\u00a0Rafael Miguel<\/p>\n<p><strong>Escala do mapa:<\/strong>\u00a01:4.000<\/p>\n<p><strong>Equidist\u00e2ncia:<\/strong>\u00a02,5m<\/p>\n<p><strong>Estacionamento:<\/strong>\u00a0Parque de estacionamento junto \u00e0 Escola Infante D. Pedro em Buarcos<\/p>\n<p><strong>Informa\u00e7\u00e3o adicional:<\/strong><\/p>\n<p>&#8211; Os atletas devem utilizar um frontal\/uma lanterna.<br \/>\n&#8211; Ir\u00e1 existir ponto de espectadores para os escal\u00f5es de Elite.<br \/>\n&#8211; Primeira partida: 19h00<\/p>\n<p><a href=\"http:\/\/pom.pt\/2019\/wp-content\/uploads\/sites\/5\/2019\/02\/POM2019-NightSprintArenaLayout.pdf\" target=\"_blank\" rel=\"noopener\">Layout Arena Sprint Noturno<\/a><\/p>\n<h2><strong>Informa\u00e7\u00f5es t\u00e9cnicas finais<\/strong><\/h2>\n<p><img loading=\"lazy\" decoding=\"async\" class=\"size-full wp-image-894 aligncenter\" src=\"http:\/\/pom.pt\/2019\/wp-content\/uploads\/sites\/5\/2019\/02\/Sprint-Noturno_POR.png\" alt=\"\" width=\"733\" height=\"425\" \/><\/p>\n<h2><strong>Excerto de mapa<\/strong><\/h2>\n<p><img loading=\"lazy\" decoding=\"async\" class=\" wp-image-298 aligncenter\" src=\"http:\/\/pom.pt\/2019\/wp-content\/uploads\/sites\/5\/2018\/10\/sprint-noturno.png\" alt=\"\" width=\"287\" height=\"210\" srcset=\"https:\/\/pom.pt\/2019\/wp-content\/uploads\/sites\/5\/2018\/10\/sprint-noturno.png 420w, https:\/\/pom.pt\/2019\/wp-content\/uploads\/sites\/5\/2018\/10\/sprint-noturno-300x219.png 300w\" sizes=\"auto, (max-width: 287px) 100vw, 287px\" \/><\/p>","protected":false},"excerpt":{"rendered":"<p>Mapa:\u00a0Buarcos (atualizado em 2018) Terreno:\u00a0\u00c1rea urbana constitu\u00edda por duas zonas distintas, uma com ruas muito estreitas e outra com ruas muito geom\u00e9tricas. &nbsp; Cart\u00f3grafo:\u00a0Rafael Miguel (Portugal) Tra\u00e7ador de percursos:\u00a0Rafael Miguel Escala do mapa:\u00a01:4.000 Equidist\u00e2ncia:\u00a02,5m Estacionamento:\u00a0Parque de estacionamento junto \u00e0 Escola Infante D. Pedro em Buarcos Informa\u00e7\u00e3o adicional: &#8211; Os atletas devem utilizar um frontal\/uma lanterna. &#8211; Ir\u00e1 existir ponto de espectadores para os escal\u00f5es de Elite. &#8211; Primeira partida: 19h00 Layout Arena Sprint Noturno Informa\u00e7\u00f5es t\u00e9cnicas finais Excerto de mapa<\/p>\n","protected":false},"author":11,"featured_media":0,"parent":134,"menu_order":5,"comment_status":"closed","ping_status":"closed","template":"","meta":{"_monsterinsights_skip_tracking":false,"_monsterinsights_sitenote_active":false,"_monsterinsights_sitenote_note":"","_monsterinsights_sitenote_category":0,"footnotes":""},"class_list":["post-274","page","type-page","status-publish","hentry"],"_links":{"self":[{"href":"https:\/\/pom.pt\/2019\/wp-json\/wp\/v2\/pages\/274","targetHints":{"allow":["GET"]}}],"collection":[{"href":"https:\/\/pom.pt\/2019\/wp-json\/wp\/v2\/pages"}],"about":[{"href":"https:\/\/pom.pt\/2019\/wp-json\/wp\/v2\/types\/page"}],"author":[{"embeddable":true,"href":"https:\/\/pom.pt\/2019\/wp-json\/wp\/v2\/users\/11"}],"replies":[{"embeddable":true,"href":"https:\/\/pom.pt\/2019\/wp-json\/wp\/v2\/comments?post=274"}],"version-history":[{"count":7,"href":"https:\/\/pom.pt\/2019\/wp-json\/wp\/v2\/pages\/274\/revisions"}],"predecessor-version":[{"id":940,"href":"https:\/\/pom.pt\/2019\/wp-json\/wp\/v2\/pages\/274\/revisions\/940"}],"up":[{"embeddable":true,"href":"https:\/\/pom.pt\/2019\/wp-json\/wp\/v2\/pages\/134"}],"wp:attachment":[{"href":"https:\/\/pom.pt\/2019\/wp-json\/wp\/v2\/media?parent=274"}],"curies":[{"name":"wp","href":"https:\/\/api.w.org\/{rel}","templated":true}]}}