{"id":52,"date":"2017-03-10T15:27:22","date_gmt":"2017-03-10T15:27:22","guid":{"rendered":"http:\/\/pom.pt\/2018\/?page_id=52"},"modified":"2018-01-07T17:34:54","modified_gmt":"2018-01-07T17:34:54","slug":"inscricoes","status":"publish","type":"page","link":"https:\/\/pom.pt\/2018\/inscricoes\/","title":{"rendered":"Inscri\u00e7\u00f5es"},"content":{"rendered":"<p><span style=\"text-decoration: underline\"><strong>Como Inscrever<\/strong><\/span><\/p>\n<p>Todos os atletas devem efectuar as suas inscri\u00e7\u00f5es atrav\u00e9s da plataforma <a href=\"http:\/\/www.orioasis.pt\/oasis\/express.php?action=express&amp;sh=s&amp;eventid=1768&amp;lang=pt_PT\" target=\"_blank\" rel=\"noopener\">OriOasis<\/a>. A inscri\u00e7\u00e3o no Model Event (evento modelo) tamb\u00e9m deve ser efectuada nessa plataforma, selecionando o campo &#8220;Model Event&#8221;.<\/p>\n<p><a href=\"http:\/\/www.orioasis.pt\/oasis\/express.php?action=express&amp;sh=s&amp;eventid=1768&amp;lang=pt_PT\" target=\"_blank\" rel=\"noopener\">Fazer inscri\u00e7\u00e3o online agora &gt;&gt;\u00a0<\/a><\/p>\n<p>Os federados FEDO tamb\u00e9m devem fazer a inscri\u00e7\u00e3o atrav\u00e9s da <strong>\u00e1rea privada do OriOasis<\/strong> utilizando os dados de login do sistema FEDO e fazendo login <a href=\"http:\/\/orioasis.pt\/oasis\/login_ask.php?plugin=1\" target=\"_blank\" rel=\"noopener\">aqui<\/a>.<\/p>\n<p>Em caso de d\u00favidas ou problemas por favor <a href=\"http:\/\/pom.pt\/2018\/contactos\/\" target=\"_blank\" rel=\"noopener\">contacte a organiza\u00e7\u00e3o<\/a> atrav\u00e9s do seguinte e-mail: <a href=\"mailto:adfa.orientacao@gmail.com\">adfa.orientacao@gmail.com<\/a><\/p>\n<h4><strong><span style=\"color: #ff0000\">Escal\u00f5es de Elite<\/span><\/strong><\/h4>\n<p>Durante o processo de inscri\u00e7\u00e3o os atletas de Elite devem fornecer o seu n\u00famero de identifica\u00e7\u00e3o da IOF (IOF World Ranking ID). Todos os atletas a correr nestes escal\u00f5es devem estar registados no sistema da IOF, o <a href=\"http:\/\/eventor.orienteering.org\/\">IOF Eventor.<\/a><\/p>\n<p>&nbsp;<\/p>\n<p><strong>Dados obrigat\u00f3rios para inscri\u00e7\u00e3o (individual ou em grupo):<\/strong><\/p>\n<ul>\n<li>Nome(s) do(s) participante(s)<\/li>\n<li>Ano(s) de nascimento<\/li>\n<li>Nome do Clube<\/li>\n<li>N\u00ba de filiado na FPO (caso n\u00e3o seja filiado na FPO, o n\u00ba de Bilhete de Identidade ou de cart\u00e3o de cidad\u00e3o)<\/li>\n<li>WRanking ID para escal\u00f5es de Elite, n\u00e3o esquecer tamb\u00e9m inscri\u00e7\u00e3o em\u00a0<a href=\"http:\/\/eventor.orienteering.org\/\">orienteering.org<\/a><\/li>\n<li>N\u00ba do SI Card. Na aus\u00eancia deste, ser-lhe-\u00e1 alugado um (ver pre\u00e7os em inscri\u00e7\u00f5es)<\/li>\n<li>A perda ou n\u00e3o devolu\u00e7\u00e3o do SI Card alugado implica o pagamento de 30\u20ac ou 37,50\u20ac, consoante o modelo<\/li>\n<li>N\u00ba de telem\u00f3vel<\/li>\n<li>Escal\u00e3o de participa\u00e7\u00e3o<\/li>\n<li>Dias de participa\u00e7\u00e3o<\/li>\n<li>Quando pretendam participar no Model Event, devem indicar em qual, ou se pretendem todos. Na falta dessa informa\u00e7\u00e3o ficam inscritos para o Model Event 1.<\/li>\n<\/ul>\n<p>Nota: Os atletas que pretendem participar em grupo, devem efectuar apenas uma \u00fanica inscri\u00e7\u00e3o mencionando os dados obrigat\u00f3rios de todos os participantes que o constituem.<\/p>\n<h4>Escal\u00f5es<\/h4>\n<table width=\"560\">\n<tbody>\n<tr>\n<td colspan=\"3\" width=\"556\"><strong>Escal\u00f5es das provas de floresta (Longas &amp; M\u00e9dias) e sprint<\/strong><\/td>\n<\/tr>\n<tr>\n<td width=\"264\"><strong>Idade a 31\/12\/2018<\/strong><\/td>\n<td width=\"199\"><strong>Ano de Nascimento<\/strong><\/td>\n<td width=\"90\"><strong>Escal\u00e3o<\/strong><\/td>\n<\/tr>\n<tr>\n<td colspan=\"3\" width=\"556\"><strong>Escal\u00f5es de Forma\u00e7\u00e3o<\/strong><\/td>\n<\/tr>\n<tr>\n<td width=\"264\">10 e menos<\/td>\n<td width=\"199\">2008 ou depois<\/td>\n<td width=\"90\">M\/W 10<\/td>\n<\/tr>\n<tr>\n<td width=\"264\">11 e 12<\/td>\n<td width=\"199\">2006 e 2007<\/td>\n<td width=\"90\">M\/W 12<\/td>\n<\/tr>\n<tr>\n<td width=\"264\"><\/td>\n<td width=\"199\"><\/td>\n<td width=\"90\"><\/td>\n<\/tr>\n<tr>\n<td colspan=\"3\" width=\"556\"><strong>Escal\u00f5es de Competi\u00e7\u00e3o<\/strong><\/td>\n<\/tr>\n<tr>\n<td width=\"264\">13 e 14<\/td>\n<td width=\"199\">2004 e 2005<\/td>\n<td width=\"90\">M\/W 14<\/td>\n<\/tr>\n<tr>\n<td width=\"264\">15 e 16<\/td>\n<td width=\"199\">2002 e 2003<\/td>\n<td width=\"90\">M\/W 16<\/td>\n<\/tr>\n<tr>\n<td width=\"264\">17 e 18<\/td>\n<td width=\"199\">2000 e 2001<\/td>\n<td width=\"90\">M\/W 18<\/td>\n<\/tr>\n<tr>\n<td width=\"264\">19 e 20<\/td>\n<td width=\"199\">1998 e 1999<\/td>\n<td width=\"90\">M\/W 20<\/td>\n<\/tr>\n<tr>\n<td width=\"264\">21 ou mais<\/td>\n<td width=\"199\">1984 a 1997<\/td>\n<td width=\"90\">ME\/WE<\/td>\n<\/tr>\n<tr>\n<td width=\"264\">21 ou mais<\/td>\n<td width=\"199\">1984 a 1997<\/td>\n<td width=\"90\">M\/W 21A<\/td>\n<\/tr>\n<tr>\n<td width=\"264\">18 ou mais<\/td>\n<td width=\"199\">1984 a 2000<\/td>\n<td width=\"90\">M\/W 21B<\/td>\n<\/tr>\n<tr>\n<td width=\"264\">35 a 39<\/td>\n<td width=\"199\">1979 a 1983<\/td>\n<td width=\"90\">M\/W 35<\/td>\n<\/tr>\n<tr>\n<td width=\"264\">40 a 44<\/td>\n<td width=\"199\">1974 a 1978<\/td>\n<td width=\"90\">M\/W 40<\/td>\n<\/tr>\n<tr>\n<td width=\"264\">45 a 49<\/td>\n<td width=\"199\">1969 a 1973<\/td>\n<td width=\"90\">M\/W 45<\/td>\n<\/tr>\n<tr>\n<td width=\"264\">50 a 54<\/td>\n<td width=\"199\">1964 a 1968<\/td>\n<td width=\"90\">M\/W 50<\/td>\n<\/tr>\n<tr>\n<td width=\"264\">55 a 59<\/td>\n<td width=\"199\">1959 a 1963<\/td>\n<td width=\"90\">M\/W 55<\/td>\n<\/tr>\n<tr>\n<td width=\"264\">60 a 64<\/td>\n<td width=\"199\">1954 a 1958<\/td>\n<td width=\"90\">M\/W 60<\/td>\n<\/tr>\n<tr>\n<td width=\"264\">65 a 69<\/td>\n<td width=\"199\">1949 a 1953<\/td>\n<td width=\"90\">M\/W 65<\/td>\n<\/tr>\n<tr>\n<td width=\"264\">70 a 74<\/td>\n<td width=\"199\">1944 a 1948<\/td>\n<td width=\"90\">M\/W 70<\/td>\n<\/tr>\n<tr>\n<td width=\"264\">75 a 79<\/td>\n<td width=\"199\">1939 a 1943<\/td>\n<td width=\"90\">M\/W 75<\/td>\n<\/tr>\n<tr>\n<td width=\"264\">80 a 84<\/td>\n<td width=\"199\">1934 a 1938<\/td>\n<td width=\"90\">M\/W 80<\/td>\n<\/tr>\n<tr>\n<td width=\"264\">Mais de 85<\/td>\n<td width=\"199\">1933 ou antes<\/td>\n<td width=\"90\">M\/W 85<\/td>\n<\/tr>\n<tr>\n<td width=\"264\"><\/td>\n<td width=\"199\"><\/td>\n<td width=\"90\"><\/td>\n<\/tr>\n<tr>\n<td colspan=\"3\" width=\"556\"><strong>Escal\u00f5es Abertos<\/strong><\/td>\n<\/tr>\n<tr>\n<td colspan=\"3\" width=\"556\">Qualquer idade ou sexo, individualmente ou em grupo<\/td>\n<\/tr>\n<tr>\n<td width=\"264\">F\u00e1cil Curto (PROM 1)<\/td>\n<td colspan=\"2\" width=\"290\">Percursos de 2 a 4 km, usando refer\u00eancias lineares, especialmente caminhos, sem dificuldade t\u00e9cnica. N\u00e3o \u00e9 necess\u00e1rio experi\u00eancia em Orienta\u00e7\u00e3o nem boa capacidade f\u00edsica\/de endurance. \u00c9 uma boa oportunidade para dar uma caminhada pela floresta com um desafio acrescido<\/td>\n<\/tr>\n<tr>\n<td width=\"264\">Dif\u00edcil Curto (PROM 2)<\/td>\n<td colspan=\"2\" width=\"290\">Percursos de 3 a 4 km, onde \u00e9 essencial ter algum conhecimento de Orienta\u00e7\u00e3o. Dificuldade t\u00e9cnica m\u00e9dia e baixo n\u00edvel de exig\u00eancia f\u00edsica.<\/td>\n<\/tr>\n<tr>\n<td width=\"264\">F\u00e1cil Longo (PROM 3)<\/td>\n<td colspan=\"2\" width=\"290\">Percursos de 4 a 6 km, com baixo n\u00edvel de exig\u00eancia t\u00e9cnica e f\u00edsica. Estes percursos usam maioritariamente refer\u00eancias lineares e de f\u00e1cil identifica\u00e7\u00e3o.<\/td>\n<\/tr>\n<tr>\n<td width=\"264\">Dif\u00edcil Longo (PROM 4)<\/td>\n<td colspan=\"2\" width=\"290\">Percursos de 4 a 7 km, com exig\u00eancia f\u00edsica m\u00e9dia\/alta, onde \u00e9 importante ter bases s\u00f3lidas de orienta\u00e7\u00e3o.<\/td>\n<\/tr>\n<\/tbody>\n<\/table>\n<p>&nbsp;<\/p>\n<p><strong><u>Taxas de Inscri\u00e7\u00e3o<\/u><\/strong><\/p>\n<p>Por cada etapa do\u00a0POM 2018 (dist\u00e2ncias m\u00e9dias e longas)<\/p>\n<table>\n<tbody>\n<tr>\n<td width=\"208\"><strong>Filiados FPO e FEDO<\/strong><\/td>\n<td width=\"161\"><strong>At\u00e9 26 Jan<\/strong><\/td>\n<td width=\"180\"><strong>de 27 at\u00e9 30 Jan<\/strong><\/td>\n<\/tr>\n<tr>\n<td width=\"208\">Nascidos em 1998 ou depois<\/td>\n<td width=\"161\">3,00 \u20ac<\/td>\n<td width=\"180\">4,50 \u20ac<\/td>\n<\/tr>\n<tr>\n<td width=\"208\">Nascidos em 1997 ou antes<\/td>\n<td width=\"161\">6,00 \u20ac<\/td>\n<td width=\"180\">9,00 \u20ac<\/td>\n<\/tr>\n<tr>\n<td width=\"208\">Escal\u00f5es Elite<\/td>\n<td width=\"161\">7,00 \u20ac<\/td>\n<td width=\"180\">10,00 \u20ac<\/td>\n<\/tr>\n<tr>\n<td width=\"208\"><strong>Outros<\/strong><\/td>\n<td width=\"161\"><strong>At\u00e9 26 Jan<\/strong><\/td>\n<td width=\"180\"><strong>De 27 at\u00e9 30 Jan<\/strong><\/td>\n<\/tr>\n<tr>\n<td width=\"208\">Nascidos em 1998 ou depois<\/td>\n<td width=\"161\">5,00 \u20ac<\/td>\n<td width=\"180\">7,50 \u20ac<\/td>\n<\/tr>\n<tr>\n<td width=\"208\">Nascidos em 1997 ou antes<\/td>\n<td width=\"161\">10,00 \u20ac<\/td>\n<td width=\"180\">15,00 \u20ac<\/td>\n<\/tr>\n<tr>\n<td width=\"208\">Escal\u00f5es Elite<\/td>\n<td width=\"161\">11,00 \u20ac<\/td>\n<td width=\"180\">16,00 \u20ac<\/td>\n<\/tr>\n<\/tbody>\n<\/table>\n<p><u>Pre\u00e7os para inscri\u00e7\u00f5es em escal\u00f5es abertos<\/u><br \/>\nO custo \u00e9 sempre de 3,00\u20ac\/etapa para jovens federados e 5,00\u20ac\/etapa para adultos federados ou jovens n\u00e3o federados e 8,00\u20ac\/etapa para adultos n\u00e3o federados<\/p>\n<p>Nestes escal\u00f5es n\u00e3o \u00e9 cobrado aluguer de chip e as inscri\u00e7\u00f5es podem ser feitas at\u00e9 ao dia da prova, ficando no entanto condicionadas \u00e0 disponibilidade de mapas. Em caso de extravio do chip, haver\u00e1 lugar ao pagamento do mesmo (30,00\u20ac ou 37,50\u20ac consoante o modelo).<\/p>\n<p>&nbsp;<\/p>\n<p><strong>Sprint Noturno<\/strong><\/p>\n<table>\n<tbody>\n<tr>\n<td width=\"208\"><strong>Filiados FPO e FEDO<\/strong><\/td>\n<td width=\"161\"><strong>At\u00e9 26 Jan<\/strong><\/td>\n<td width=\"180\"><strong>de 27 at\u00e9 30 Jan<\/strong><\/td>\n<\/tr>\n<tr>\n<td width=\"208\">Nascidos em 1998 ou depois<\/td>\n<td width=\"161\">3,00 \u20ac<\/td>\n<td width=\"180\">4,00 \u20ac<\/td>\n<\/tr>\n<tr>\n<td width=\"208\">Nascidos em 1997 ou antes<\/td>\n<td width=\"161\">4,00 \u20ac<\/td>\n<td width=\"180\">5,00 \u20ac<\/td>\n<\/tr>\n<tr>\n<td width=\"208\"><strong>Outros<\/strong><\/td>\n<td width=\"161\"><strong>At\u00e9 26 Jan<\/strong><\/td>\n<td width=\"180\"><strong>De 27 at\u00e9 30 Jan<\/strong><\/td>\n<\/tr>\n<tr>\n<td width=\"208\">Nascidos em 1998 ou depois<\/td>\n<td width=\"161\">3,00 \u20ac<\/td>\n<td width=\"180\">4,00 \u20ac<\/td>\n<\/tr>\n<tr>\n<td width=\"208\">Nascidos em 1997 ou antes<\/td>\n<td width=\"161\">5,00 \u20ac<\/td>\n<td width=\"180\">6,00 \u20ac<\/td>\n<\/tr>\n<\/tbody>\n<\/table>\n<p>&nbsp;<\/p>\n<p><strong>Taxa de inscri\u00e7\u00e3o no PreO<\/strong><\/p>\n<table width=\"283\">\n<tbody>\n<tr>\n<td>Aberta e Paralimpica<\/td>\n<td>3,00 \u20ac<\/td>\n<\/tr>\n<\/tbody>\n<\/table>\n<p><em>\u00a0<\/em><\/p>\n<p><strong>Outras Taxas:<\/strong><\/p>\n<ul>\n<li><strong>Model events:\u00a0<\/strong>3,00\u20ac<\/li>\n<li><strong>Altera\u00e7\u00f5es ap\u00f3s 30 janeiro t\u00eam um custo de\u00a0<\/strong><strong><u>2,00\u20ac<\/u><\/strong><\/li>\n<\/ul>\n<p><strong>Aluguer de chip para escal\u00f5es de competi\u00e7\u00e3o e forma\u00e7\u00e3o:<\/strong>\u00a01,00\u20ac\/ dia. Em caso de extravio do chip, haver\u00e1 lugar ao pagamento do mesmo (30,00\u20ac ou 37,50\u20ac consoante o modelo).<\/p>\n<p><span style=\"text-decoration: underline\"><strong>Como\u00a0 Pagar<\/strong><\/span><\/p>\n<p>O pagamento das inscri\u00e7\u00f5es do POM poder\u00e1 ser efectuado por Pagamento Online Seguro (POS), Multibanco, transfer\u00eancia banc\u00e1ria ou directamente no Event Center em dinheiro (apenas para clubes\/atletas federados na FPO).<\/p>\n<p><strong>As inscri\u00e7\u00f5es de clubes\/atletas n\u00e3o federados na FPO apenas ser\u00e3o consideradas v\u00e1lidas ap\u00f3s pagamento.<\/strong><\/p>\n<p>De forma a facilitar o processo de acredita\u00e7\u00e3o, a Organiza\u00e7\u00e3o tem prefer\u00eancia que os pagamentos sejam feitos por Pagamento Online Seguro uma vez que o processamento do pagamento \u00e9 autom\u00e1tico.<\/p>\n<p><span style=\"text-decoration: underline\"><strong>Pagamento por Pagamento Online Seguro<\/strong><\/span><\/p>\n<p>Cart\u00e3o de cr\u00e9dito ou Paypal<\/p>\n<table style=\"height: 120px\" width=\"660\">\n<tbody>\n<tr>\n<td style=\"text-align: center\">Aceite:<\/td>\n<td><img loading=\"lazy\" decoding=\"async\" class=\"aligncenter\" src=\"http:\/\/pom.pt\/archive\/shared\/payments\/logo_ccMC.gif\" alt=\"\" width=\"46\" height=\"29\" border=\"0\" \/><\/td>\n<td><img loading=\"lazy\" decoding=\"async\" class=\"aligncenter\" src=\"http:\/\/pom.pt\/archive\/shared\/payments\/logo_ccVisa.gif\" alt=\"\" width=\"52\" height=\"32\" border=\"0\" \/><\/td>\n<td><img loading=\"lazy\" decoding=\"async\" class=\"aligncenter\" src=\"http:\/\/pom.pt\/archive\/shared\/payments\/logo_ccAmex.gif\" alt=\"\" width=\"43\" height=\"27\" border=\"0\" \/><\/td>\n<td><img loading=\"lazy\" decoding=\"async\" class=\"aligncenter\" src=\"http:\/\/pom.pt\/archive\/shared\/payments\/logo_cc_jcb.gif\" alt=\"\" width=\"45\" height=\"28\" border=\"0\" \/><\/td>\n<td><img loading=\"lazy\" decoding=\"async\" class=\"aligncenter\" src=\"http:\/\/pom.pt\/archive\/shared\/payments\/logo_ccSwitch.gif\" alt=\"\" width=\"48\" height=\"30\" border=\"0\" \/><\/td>\n<\/tr>\n<tr>\n<td><\/td>\n<td><img loading=\"lazy\" decoding=\"async\" class=\"aligncenter\" src=\"http:\/\/pom.pt\/archive\/shared\/payments\/logo_ccSolo.gif\" alt=\"\" width=\"46\" height=\"29\" border=\"0\" \/><\/td>\n<td><img loading=\"lazy\" decoding=\"async\" class=\"aligncenter\" src=\"http:\/\/pom.pt\/archive\/shared\/payments\/logo_giropay_55x23.gif\" alt=\"\" width=\"70\" height=\"29\" border=\"0\" \/><\/td>\n<td><img loading=\"lazy\" decoding=\"async\" class=\"aligncenter\" src=\"http:\/\/pom.pt\/archive\/shared\/payments\/logo_ec_24x23.gif\" alt=\"\" width=\"31\" height=\"30\" border=\"0\" \/><\/td>\n<td><img loading=\"lazy\" decoding=\"async\" class=\"aligncenter\" src=\"http:\/\/pom.pt\/archive\/shared\/payments\/PayPal_mark_37x23.gif\" alt=\"\" width=\"53\" height=\"33\" border=\"0\" \/><\/td>\n<\/tr>\n<\/tbody>\n<\/table>\n<p><span style=\"text-decoration: underline\"><strong>Pagamento por Multibanco<\/strong><\/span><\/p>\n<p>No momento do pagamento dever\u00e1 escolher a op\u00e7\u00e3o de pagar por MB.<\/p>\n<p><span style=\"text-decoration: underline\"><strong>Pagamento por transfer\u00eancia banc\u00e1ria<\/strong><\/span><\/p>\n<p>Os pagamentos por transfer\u00eancia bancaria devem ser feitos para a seguinte conta banc\u00e1ria:<\/p>\n<p><strong>Nome do banco<\/strong>: Caixa Geral de Dep\u00f3sitos<br \/>\n<strong>Titular da conta: <\/strong>ADFA<br \/>\n<strong>Ag\u00eancia<\/strong>: \u00c9vora<br \/>\n<strong>Morada da ag\u00eancia:\u00a0<\/strong>Rua da Rep\u00fablica, 38,\u00a07000 &#8211; 656 \u00c9VORA<br \/>\n<strong>N\u00famero de conta:<\/strong> 0340004003630<br \/>\n<strong>NIB:<\/strong> 003503400000400363011<br \/>\n<strong>IBAN<\/strong>: PT50003503400000400363011<br \/>\n<strong>SWIFT CODE BIC<\/strong>: CGDIPTPL<\/p>\n<p><span style=\"text-decoration: underline\"><strong>Processamento do pagamento<\/strong><\/span><\/p>\n<p><strong>Pagamento com Pagamento Online Seguro\u00a0(POS &#8211; Paypal ou cart\u00e3o cr\u00e9dito):<br \/>\n<\/strong>O processamento do pagamento \u00e9 autom\u00e1tico.<\/p>\n<p><strong>Pagamento por transfer\u00eancia banc\u00e1ria<\/strong><\/p>\n<p><strong>Para\u00a0Inscri\u00e7\u00f5es Express do OriOasis<\/strong><strong>, por favor coloque o Express Code no descritivo do pagamento.<br \/>\n<\/strong><\/p>\n<p>Para<strong>\u00a0pagamentos totais de clubes<\/strong>, indique sempre o nome clube no descritivo.<\/p>\n<p>Para\u00a0<strong>pagamentos parciais de clubes<\/strong>, indique nos coment\u00e1rios o clube e a lista de atletas a que se refere o pagamento, ou envie um email (<a href=\"mailto:entries@pom.pt\">payment@pom.pt<\/a>)\u00a0\u00e0 organiza\u00e7\u00e3o com a lista de atletas e o comprovativo da transfer\u00eancia.<\/p>\n<p><strong>Notas<\/strong>: Para todas as inscri\u00e7\u00f5es pagas por transfer\u00eancia banc\u00e1ria, \u00e9 necess\u00e1rio enviar comprovativo da opera\u00e7\u00e3o para o email:\u00a0<a href=\"mailto:entries@pom.pt\">payment@pom.pt<\/a><\/p>\n<p>Todas as despesas inerentes \u00e0s transfer\u00eancias banc\u00e1rias devem ser suportadas pelo ordenante.\u00a0Se alguma despesa\u00a0\u00a0referente \u00e0s transfer\u00eancias banc\u00e1rias for indevidamente cobrada \u00e0 Organiza\u00e7\u00e3o, as mesmas ser\u00e3o pagas posteriormente pelos clubes ou atletas.<\/p>\n<p>Por favor utilize o endere\u00e7o\u00a0<a href=\"mailto:entries@pom.pt\">payment@pom.pt<\/a>\u00a0para todos os emails relacionados com o pagamento de inscri\u00e7\u00f5es.<\/p>","protected":false},"excerpt":{"rendered":"<p>Como Inscrever Todos os atletas devem efectuar as suas inscri\u00e7\u00f5es atrav\u00e9s da plataforma OriOasis. A inscri\u00e7\u00e3o no Model Event (evento modelo) tamb\u00e9m deve ser efectuada nessa plataforma, selecionando o campo &#8220;Model Event&#8221;. Fazer inscri\u00e7\u00e3o online agora &gt;&gt;\u00a0 Os federados FEDO tamb\u00e9m devem fazer a inscri\u00e7\u00e3o atrav\u00e9s da \u00e1rea privada do OriOasis utilizando os dados de login do sistema FEDO e fazendo login aqui. Em caso de d\u00favidas ou problemas por favor contacte a organiza\u00e7\u00e3o atrav\u00e9s do seguinte e-mail: adfa.orientacao@gmail.com Escal\u00f5es de Elite Durante o processo de inscri\u00e7\u00e3o os atletas de Elite devem fornecer o seu n\u00famero de identifica\u00e7\u00e3o da IOF (IOF World Ranking ID). Todos os atletas a correr nestes &hellip; <a href=\"https:\/\/pom.pt\/2018\/inscricoes\/\" class=\"more-link\">Continuar a ler <span class=\"screen-reader-text\">Inscri\u00e7\u00f5es<\/span><\/a><\/p>\n","protected":false},"author":8,"featured_media":0,"parent":0,"menu_order":0,"comment_status":"closed","ping_status":"closed","template":"","meta":{"_monsterinsights_skip_tracking":false,"_monsterinsights_sitenote_active":false,"_monsterinsights_sitenote_note":"","_monsterinsights_sitenote_category":0,"footnotes":""},"class_list":["post-52","page","type-page","status-publish","hentry"],"_links":{"self":[{"href":"https:\/\/pom.pt\/2018\/wp-json\/wp\/v2\/pages\/52","targetHints":{"allow":["GET"]}}],"collection":[{"href":"https:\/\/pom.pt\/2018\/wp-json\/wp\/v2\/pages"}],"about":[{"href":"https:\/\/pom.pt\/2018\/wp-json\/wp\/v2\/types\/page"}],"author":[{"embeddable":true,"href":"https:\/\/pom.pt\/2018\/wp-json\/wp\/v2\/users\/8"}],"replies":[{"embeddable":true,"href":"https:\/\/pom.pt\/2018\/wp-json\/wp\/v2\/comments?post=52"}],"version-history":[{"count":19,"href":"https:\/\/pom.pt\/2018\/wp-json\/wp\/v2\/pages\/52\/revisions"}],"predecessor-version":[{"id":472,"href":"https:\/\/pom.pt\/2018\/wp-json\/wp\/v2\/pages\/52\/revisions\/472"}],"wp:attachment":[{"href":"https:\/\/pom.pt\/2018\/wp-json\/wp\/v2\/media?parent=52"}],"curies":[{"name":"wp","href":"https:\/\/api.w.org\/{rel}","templated":true}]}}