{"id":198,"date":"2017-07-11T12:27:27","date_gmt":"2017-07-11T12:27:27","guid":{"rendered":"http:\/\/pom.pt\/2018\/?page_id=198"},"modified":"2017-07-11T14:44:47","modified_gmt":"2017-07-11T14:44:47","slug":"model-event-1-torre-de-coelheiros","status":"publish","type":"page","link":"https:\/\/pom.pt\/2018\/model-event-1-torre-de-coelheiros\/","title":{"rendered":"Dias -2 &amp; -1 &#8211; Model Events"},"content":{"rendered":"<p>Os Model Events realizam-se quinta e sexta-feira &#8211; <strong>08\/09 Fev.<\/strong><\/p>\n<hr \/>\n<p><span style=\"text-decoration: underline\"><strong>Model Event 1 \u2013 Torre de Coelheiros \u2013 30 Kms de \u00c9vora<\/strong><\/span><\/p>\n<p>Cart\u00f3grafos \u2013 Alexandre Shirinin<\/p>\n<p>Actualiza\u00e7\u00e3o \u2013 Soares dos Reis\/Valdemar Sendim<\/p>\n<p>Terreno similar ao da competi\u00e7\u00e3o de floresta com montado alentejano e muitos detalhes rochosos. Pouco desn\u00edvel e corrida f\u00e1cil. Actualizado em Novembro 2016.<\/p>\n<p><img loading=\"lazy\" decoding=\"async\" class=\"alignnone size-medium wp-image-107\" src=\"http:\/\/pom.pt\/2018\/wp-content\/uploads\/sites\/4\/2017\/04\/Model_1-300x222.jpg\" alt=\"\" width=\"300\" height=\"222\" srcset=\"https:\/\/pom.pt\/2018\/wp-content\/uploads\/sites\/4\/2017\/04\/Model_1-300x222.jpg 300w, https:\/\/pom.pt\/2018\/wp-content\/uploads\/sites\/4\/2017\/04\/Model_1-768x570.jpg 768w, https:\/\/pom.pt\/2018\/wp-content\/uploads\/sites\/4\/2017\/04\/Model_1-1024x759.jpg 1024w, https:\/\/pom.pt\/2018\/wp-content\/uploads\/sites\/4\/2017\/04\/Model_1.jpg 1072w\" sizes=\"auto, (max-width: 300px) 100vw, 300px\" \/><\/p>\n<hr \/>\n<p><span style=\"text-decoration: underline\"><strong>Model Event 2 \u2013 S. Bento de Castriz \u2013 5 Kms de \u00c9vora<\/strong><\/span><\/p>\n<p>Cart\u00f3grafos \u2013 Alexandre Shirinin<\/p>\n<p>Actualiza\u00e7\u00e3o \u2013 Soares dos Reis\/Valdemar Sendim<\/p>\n<p>Terreno similar ao da competi\u00e7\u00e3o de floresta com montado alentejano e muitos detalhes rochosos. Pouco desn\u00edvel e corrida f\u00e1cil. Boa visibilidade intercalada com zonas de menor visibilidade. Extracto do mapa de 2010. A actualizar at\u00e9 Outubro 2017.<\/p>\n<p><img loading=\"lazy\" decoding=\"async\" class=\"alignnone size-medium wp-image-108\" src=\"http:\/\/pom.pt\/2018\/wp-content\/uploads\/sites\/4\/2017\/04\/Model_2-300x240.jpg\" alt=\"\" width=\"300\" height=\"240\" srcset=\"https:\/\/pom.pt\/2018\/wp-content\/uploads\/sites\/4\/2017\/04\/Model_2-300x240.jpg 300w, https:\/\/pom.pt\/2018\/wp-content\/uploads\/sites\/4\/2017\/04\/Model_2-768x616.jpg 768w, https:\/\/pom.pt\/2018\/wp-content\/uploads\/sites\/4\/2017\/04\/Model_2-1024x821.jpg 1024w, https:\/\/pom.pt\/2018\/wp-content\/uploads\/sites\/4\/2017\/04\/Model_2.jpg 1270w\" sizes=\"auto, (max-width: 300px) 100vw, 300px\" \/><\/p>\n<hr \/>\n<p><strong><span style=\"text-decoration: underline\">Model Event 3 \u2013 \u00c9vora (urbano)<\/span><\/strong><\/p>\n<p>Cart\u00f3grafos \u2013 Tiago Aires \/ Raquel Costa<\/p>\n<p>Actualiza\u00e7\u00e3o \u2013 Alexandre Reis \/ Valdemar Sendim<\/p>\n<p>Zona urbana junto das Piscinas Municipais de \u00c9vora.<\/p>\n<p>Extracto do mapa de 2010. A actualizar at\u00e9 Outubro 2017.<\/p>\n<p><img loading=\"lazy\" decoding=\"async\" class=\"alignnone size-full wp-image-173\" src=\"http:\/\/pom.pt\/2018\/wp-content\/uploads\/sites\/4\/2017\/04\/image.png\" alt=\"\" width=\"187\" height=\"200\" \/><\/p>","protected":false},"excerpt":{"rendered":"<p>Os Model Events realizam-se quinta e sexta-feira &#8211; 08\/09 Fev. Model Event 1 \u2013 Torre de Coelheiros \u2013 30 Kms de \u00c9vora Cart\u00f3grafos \u2013 Alexandre Shirinin Actualiza\u00e7\u00e3o \u2013 Soares dos Reis\/Valdemar Sendim Terreno similar ao da competi\u00e7\u00e3o de floresta com montado alentejano e muitos detalhes rochosos. Pouco desn\u00edvel e corrida f\u00e1cil. Actualizado em Novembro 2016. Model Event 2 \u2013 S. Bento de Castriz \u2013 5 Kms de \u00c9vora Cart\u00f3grafos \u2013 Alexandre Shirinin Actualiza\u00e7\u00e3o \u2013 Soares dos Reis\/Valdemar Sendim Terreno similar ao da competi\u00e7\u00e3o de floresta com montado alentejano e muitos detalhes rochosos. Pouco desn\u00edvel e corrida f\u00e1cil. Boa visibilidade intercalada com zonas de menor visibilidade. Extracto do mapa de 2010. &hellip; <a href=\"https:\/\/pom.pt\/2018\/model-event-1-torre-de-coelheiros\/\" class=\"more-link\">Continuar a ler <span class=\"screen-reader-text\">Dias -2 &amp; -1 &#8211; Model Events<\/span><\/a><\/p>\n","protected":false},"author":8,"featured_media":0,"parent":0,"menu_order":0,"comment_status":"closed","ping_status":"closed","template":"","meta":{"_monsterinsights_skip_tracking":false,"_monsterinsights_sitenote_active":false,"_monsterinsights_sitenote_note":"","_monsterinsights_sitenote_category":0,"footnotes":""},"class_list":["post-198","page","type-page","status-publish","hentry"],"_links":{"self":[{"href":"https:\/\/pom.pt\/2018\/wp-json\/wp\/v2\/pages\/198","targetHints":{"allow":["GET"]}}],"collection":[{"href":"https:\/\/pom.pt\/2018\/wp-json\/wp\/v2\/pages"}],"about":[{"href":"https:\/\/pom.pt\/2018\/wp-json\/wp\/v2\/types\/page"}],"author":[{"embeddable":true,"href":"https:\/\/pom.pt\/2018\/wp-json\/wp\/v2\/users\/8"}],"replies":[{"embeddable":true,"href":"https:\/\/pom.pt\/2018\/wp-json\/wp\/v2\/comments?post=198"}],"version-history":[{"count":3,"href":"https:\/\/pom.pt\/2018\/wp-json\/wp\/v2\/pages\/198\/revisions"}],"predecessor-version":[{"id":241,"href":"https:\/\/pom.pt\/2018\/wp-json\/wp\/v2\/pages\/198\/revisions\/241"}],"wp:attachment":[{"href":"https:\/\/pom.pt\/2018\/wp-json\/wp\/v2\/media?parent=198"}],"curies":[{"name":"wp","href":"https:\/\/api.w.org\/{rel}","templated":true}]}}