{"id":3166,"date":"2016-10-24T13:14:33","date_gmt":"2016-10-24T12:14:33","guid":{"rendered":"http:\/\/pom.pt\/2017\/?page_id=3166"},"modified":"2017-02-18T01:50:47","modified_gmt":"2017-02-18T01:50:47","slug":"252-sprint-noturno","status":"publish","type":"page","link":"https:\/\/pom.pt\/2017\/252-sprint-noturno\/","title":{"rendered":"25\/2 &#8211; Sprint Noturno"},"content":{"rendered":"<p><span style=\"color: #000000;\"><strong>25 Fevereiro 2017 \u2013 Sprint Noturno\u00a0\u2013 ALTER DO CH\u00c3O<\/strong><\/span><\/p>\n<p><span style=\"color: #000000;\"><strong>Mapa:<\/strong><\/span> Alter do ch\u00e3o \u2013 Escala 1\/ 5.000<br \/>\n<span style=\"color: #000000;\"><strong>Terreno:<\/strong><\/span> Zona urbana da vila de Alter do Ch\u00e3o.<br \/>\n<span style=\"color: #000000;\"><strong>Cart\u00f3grafo:<\/strong><\/span> Armando Rodrigues (Dezembro 2008), revisto em Jan 2017 por Raquel Costa.<br \/>\n<span style=\"color: #000000;\"><strong>Tra\u00e7ador de Percursos:<\/strong><\/span> Hugo Borda D&#8217;Agua<br \/>\n<span style=\"color: #000000;\"><strong>Supervisor:<\/strong><\/span> Lu\u00eds Santos<br \/>\n<span style=\"color: #000000;\"><strong>GPS:<\/strong><\/span> 39\u00b011\u201957.2\u2033N 7\u00b039\u201930.0\u2033W<\/p>\n<p><span style=\"color: #000000;\"><strong>Avisos:<br \/>\n<\/strong><\/span>&#8211;\u00a0A prova de sprint realiza-se no centro hist\u00f3rico de Alter do Ch\u00e3o. Apesar de existir<br \/>\npouco tr\u00e2nsito, s\u00f3 ser\u00e1 cortado parcialmente. Solicita-se o m\u00e1ximo de cuidado aos<br \/>\nparticipantes no atravessamento das estradas.<br \/>\n\u2013 Arena \u2013 engloba: Secretariado, inform\u00e1tica, speaker, partida, chegada e Bar.<br \/>\n\u2013 N\u00e3o haver\u00e1 quarentena.<br \/>\n\u2013\u00a0N\u00e3o existe local especifico para estacionamento.<\/p>\n<table border=\"0\" cellspacing=\"0\" cellpadding=\"0\">\n<tbody>\n<tr>\n<td valign=\"top\" width=\"274\">\u00a0<img loading=\"lazy\" decoding=\"async\" class=\"alignnone size-full wp-image-2804\" src=\"http:\/\/pom.pt\/2017\/wp-content\/uploads\/sites\/3\/2016\/05\/pom_2017_day25_night.jpg\" alt=\"pom_2017_day25_night\" width=\"274\" height=\"274\" srcset=\"https:\/\/pom.pt\/2017\/wp-content\/uploads\/sites\/3\/2016\/05\/pom_2017_day25_night.jpg 274w, https:\/\/pom.pt\/2017\/wp-content\/uploads\/sites\/3\/2016\/05\/pom_2017_day25_night-150x150.jpg 150w\" sizes=\"auto, (max-width: 274px) 100vw, 274px\" \/><\/td>\n<td valign=\"top\" width=\"274\">\u00a0<img loading=\"lazy\" decoding=\"async\" class=\"alignnone size-full wp-image-2805\" src=\"http:\/\/pom.pt\/2017\/wp-content\/uploads\/sites\/3\/2016\/05\/pom_2017_day25_night_foto.jpg\" alt=\"pom_2017_day25_night_foto\" width=\"274\" height=\"274\" srcset=\"https:\/\/pom.pt\/2017\/wp-content\/uploads\/sites\/3\/2016\/05\/pom_2017_day25_night_foto.jpg 274w, https:\/\/pom.pt\/2017\/wp-content\/uploads\/sites\/3\/2016\/05\/pom_2017_day25_night_foto-150x150.jpg 150w\" sizes=\"auto, (max-width: 274px) 100vw, 274px\" \/><\/td>\n<\/tr>\n<\/tbody>\n<\/table>\n<p>&nbsp;<\/p>\n<table>\n<tbody>\n<tr>\n<th>ESCAL\u00d5ES<\/th>\n<th>DIST\u00c2NCIA MELHOR OP\u00c7\u00c3O (m)<\/th>\n<th>DESN\u00cdVEL (m)<\/th>\n<th>CONTROLOS<\/th>\n<th>ESCALA<\/th>\n<th>TEMPO VENCEDOR<\/th>\n<th>OBS.<\/th>\n<\/tr>\n<tr>\n<td style=\"text-align: center;\">M10<\/td>\n<td style=\"text-align: center;\">1.200<\/td>\n<td style=\"text-align: center;\">15<\/td>\n<td style=\"text-align: center;\">12<\/td>\n<td style=\"text-align: center;\">5.000 &#8211; 5m<\/td>\n<td style=\"text-align: center;\"><\/td>\n<td style=\"text-align: center;\">\u00a0&#8211;<\/td>\n<\/tr>\n<tr>\n<td style=\"text-align: center;\">W10<\/td>\n<td style=\"text-align: center;\">1.200<\/td>\n<td style=\"text-align: center;\">15<\/td>\n<td style=\"text-align: center;\">12<\/td>\n<td style=\"text-align: center;\">5.000 &#8211; 5m<\/td>\n<td style=\"text-align: center;\"><\/td>\n<td style=\"text-align: center;\">\u00a0&#8211;<\/td>\n<\/tr>\n<tr>\n<td style=\"text-align: center;\">M12<\/td>\n<td style=\"text-align: center;\">1.400<\/td>\n<td style=\"text-align: center;\">25<\/td>\n<td style=\"text-align: center;\">14<\/td>\n<td style=\"text-align: center;\">5.000 &#8211; 5m<\/td>\n<td style=\"text-align: center;\"><\/td>\n<td style=\"text-align: center;\">\u00a0&#8211;<\/td>\n<\/tr>\n<tr>\n<td style=\"text-align: center;\">W12<\/td>\n<td style=\"text-align: center;\">1.400<\/td>\n<td style=\"text-align: center;\">25<\/td>\n<td style=\"text-align: center;\">14<\/td>\n<td style=\"text-align: center;\">5.000 &#8211; 5m<\/td>\n<td style=\"text-align: center;\"><\/td>\n<td style=\"text-align: center;\">\u00a0&#8211;<\/td>\n<\/tr>\n<tr>\n<td style=\"text-align: center;\">M14<\/td>\n<td style=\"text-align: center;\">1.700<\/td>\n<td style=\"text-align: center;\">40<\/td>\n<td style=\"text-align: center;\">12<\/td>\n<td style=\"text-align: center;\">5.000 &#8211; 5m<\/td>\n<td style=\"text-align: center;\"><\/td>\n<td style=\"text-align: center;\">\u00a0&#8211;<\/td>\n<\/tr>\n<tr>\n<td style=\"text-align: center;\">W14<\/td>\n<td style=\"text-align: center;\">1.700<\/td>\n<td style=\"text-align: center;\">40<\/td>\n<td style=\"text-align: center;\">12<\/td>\n<td style=\"text-align: center;\">5.000 &#8211; 5m<\/td>\n<td style=\"text-align: center;\"><\/td>\n<td style=\"text-align: center;\">\u00a0&#8211;<\/td>\n<\/tr>\n<tr>\n<td style=\"text-align: center;\">M16<\/td>\n<td style=\"text-align: center;\">2.000<\/td>\n<td style=\"text-align: center;\">45<\/td>\n<td style=\"text-align: center;\">13<\/td>\n<td style=\"text-align: center;\">5.000 &#8211; 5m<\/td>\n<td style=\"text-align: center;\"><\/td>\n<td style=\"text-align: center;\">\u00a0&#8211;<\/td>\n<\/tr>\n<tr>\n<td style=\"text-align: center;\">W16<\/td>\n<td style=\"text-align: center;\">2.300<\/td>\n<td style=\"text-align: center;\">35<\/td>\n<td style=\"text-align: center;\">14<\/td>\n<td style=\"text-align: center;\">5.000 &#8211; 5m<\/td>\n<td style=\"text-align: center;\"><\/td>\n<td style=\"text-align: center;\">\u00a0&#8211;<\/td>\n<\/tr>\n<tr>\n<td style=\"text-align: center;\">M18<\/td>\n<td style=\"text-align: center;\">2.700<\/td>\n<td style=\"text-align: center;\">35<\/td>\n<td style=\"text-align: center;\">13<\/td>\n<td style=\"text-align: center;\">5.000 &#8211; 5m<\/td>\n<td style=\"text-align: center;\"><\/td>\n<td style=\"text-align: center;\">\u00a0&#8211;<\/td>\n<\/tr>\n<tr>\n<td style=\"text-align: center;\">W18<\/td>\n<td style=\"text-align: center;\">2.400<\/td>\n<td style=\"text-align: center;\">55<\/td>\n<td style=\"text-align: center;\">12<\/td>\n<td style=\"text-align: center;\">5.000 &#8211; 5m<\/td>\n<td style=\"text-align: center;\"><\/td>\n<td style=\"text-align: center;\">\u00a0&#8211;<\/td>\n<\/tr>\n<tr>\n<td style=\"text-align: center;\">M20<\/td>\n<td style=\"text-align: center;\">2.900<\/td>\n<td style=\"text-align: center;\">25<\/td>\n<td style=\"text-align: center;\">13<\/td>\n<td style=\"text-align: center;\">5.000 &#8211; 5m<\/td>\n<td style=\"text-align: center;\"><\/td>\n<td style=\"text-align: center;\">\u00a0&#8211;<\/td>\n<\/tr>\n<tr>\n<td style=\"text-align: center;\">W20<\/td>\n<td style=\"text-align: center;\">2.700<\/td>\n<td style=\"text-align: center;\">45<\/td>\n<td style=\"text-align: center;\">15<\/td>\n<td style=\"text-align: center;\">5.000 &#8211; 5m<\/td>\n<td style=\"text-align: center;\"><\/td>\n<td style=\"text-align: center;\">\u00a0&#8211;<\/td>\n<\/tr>\n<tr>\n<td style=\"text-align: center;\">M21B<\/td>\n<td style=\"text-align: center;\">2.700<\/td>\n<td style=\"text-align: center;\">55<\/td>\n<td style=\"text-align: center;\">13<\/td>\n<td style=\"text-align: center;\">5.000 &#8211; 5m<\/td>\n<td style=\"text-align: center;\"><\/td>\n<td style=\"text-align: center;\">\u00a0&#8211;<\/td>\n<\/tr>\n<tr>\n<td style=\"text-align: center;\">W21B<\/td>\n<td style=\"text-align: center;\">1.900<\/td>\n<td style=\"text-align: center;\">40<\/td>\n<td style=\"text-align: center;\">12<\/td>\n<td style=\"text-align: center;\">5.000 &#8211; 5m<\/td>\n<td style=\"text-align: center;\"><\/td>\n<td style=\"text-align: center;\">\u00a0&#8211;<\/td>\n<\/tr>\n<tr>\n<td style=\"text-align: center;\">M21A<\/td>\n<td style=\"text-align: center;\">2.700<\/td>\n<td style=\"text-align: center;\">55<\/td>\n<td style=\"text-align: center;\">13<\/td>\n<td style=\"text-align: center;\">5.000 &#8211; 5m<\/td>\n<td style=\"text-align: center;\"><\/td>\n<td style=\"text-align: center;\">\u00a0&#8211;<\/td>\n<\/tr>\n<tr>\n<td style=\"text-align: center;\">W21A<\/td>\n<td style=\"text-align: center;\">2.400<\/td>\n<td style=\"text-align: center;\">55<\/td>\n<td style=\"text-align: center;\">12<\/td>\n<td style=\"text-align: center;\">5.000 &#8211; 5m<\/td>\n<td style=\"text-align: center;\"><\/td>\n<td style=\"text-align: center;\">\u00a0&#8211;<\/td>\n<\/tr>\n<tr>\n<td style=\"text-align: center;\">MSE<\/td>\n<td style=\"text-align: center;\">3.200<\/td>\n<td style=\"text-align: center;\">85<\/td>\n<td style=\"text-align: center;\">15<\/td>\n<td style=\"text-align: center;\">5.000 &#8211; 5m<\/td>\n<td style=\"text-align: center;\"><\/td>\n<td style=\"text-align: center;\">\u00a0&#8211;<\/td>\n<\/tr>\n<tr>\n<td style=\"text-align: center;\">ME<\/td>\n<td style=\"text-align: center;\">3.200<\/td>\n<td style=\"text-align: center;\">85<\/td>\n<td style=\"text-align: center;\">15<\/td>\n<td style=\"text-align: center;\">5.000 &#8211; 5m<\/td>\n<td style=\"text-align: center;\"><\/td>\n<td style=\"text-align: center;\">\u00a0&#8211;<\/td>\n<\/tr>\n<tr>\n<td style=\"text-align: center;\">WE<\/td>\n<td style=\"text-align: center;\">2.800<\/td>\n<td style=\"text-align: center;\">65<\/td>\n<td style=\"text-align: center;\">13<\/td>\n<td style=\"text-align: center;\">5.000 &#8211; 5m<\/td>\n<td style=\"text-align: center;\"><\/td>\n<td style=\"text-align: center;\">\u00a0&#8211;<\/td>\n<\/tr>\n<tr>\n<td style=\"text-align: center;\">M35<\/td>\n<td style=\"text-align: center;\">2.800<\/td>\n<td style=\"text-align: center;\">70<\/td>\n<td style=\"text-align: center;\">12<\/td>\n<td style=\"text-align: center;\">5.000 &#8211; 5m<\/td>\n<td style=\"text-align: center;\"><\/td>\n<td style=\"text-align: center;\">\u00a0&#8211;<\/td>\n<\/tr>\n<tr>\n<td style=\"text-align: center;\">W35<\/td>\n<td style=\"text-align: center;\">2.700<\/td>\n<td style=\"text-align: center;\">45<\/td>\n<td style=\"text-align: center;\">15<\/td>\n<td style=\"text-align: center;\">5.000 &#8211; 5m<\/td>\n<td style=\"text-align: center;\"><\/td>\n<td style=\"text-align: center;\">\u00a0&#8211;<\/td>\n<\/tr>\n<tr>\n<td style=\"text-align: center;\">M40<\/td>\n<td style=\"text-align: center;\">2.800<\/td>\n<td style=\"text-align: center;\">70<\/td>\n<td style=\"text-align: center;\">12<\/td>\n<td style=\"text-align: center;\">5.000 &#8211; 5m<\/td>\n<td style=\"text-align: center;\"><\/td>\n<td style=\"text-align: center;\">\u00a0&#8211;<\/td>\n<\/tr>\n<tr>\n<td style=\"text-align: center;\">W40<\/td>\n<td style=\"text-align: center;\">2.400<\/td>\n<td style=\"text-align: center;\">60<\/td>\n<td style=\"text-align: center;\">15<\/td>\n<td style=\"text-align: center;\">5.000 &#8211; 5m<\/td>\n<td style=\"text-align: center;\"><\/td>\n<td style=\"text-align: center;\">\u00a0&#8211;<\/td>\n<\/tr>\n<tr>\n<td style=\"text-align: center;\">M45<\/td>\n<td style=\"text-align: center;\">2.600<\/td>\n<td style=\"text-align: center;\">65<\/td>\n<td style=\"text-align: center;\">13<\/td>\n<td style=\"text-align: center;\">5.000 &#8211; 5m<\/td>\n<td style=\"text-align: center;\"><\/td>\n<td style=\"text-align: center;\">\u00a0&#8211;<\/td>\n<\/tr>\n<tr>\n<td style=\"text-align: center;\">W45<\/td>\n<td style=\"text-align: center;\">2.400<\/td>\n<td style=\"text-align: center;\">60<\/td>\n<td style=\"text-align: center;\">15<\/td>\n<td style=\"text-align: center;\">5.000 &#8211; 5m<\/td>\n<td style=\"text-align: center;\"><\/td>\n<td style=\"text-align: center;\">\u00a0&#8211;<\/td>\n<\/tr>\n<tr>\n<td style=\"text-align: center;\">M50<\/td>\n<td style=\"text-align: center;\">2.700<\/td>\n<td style=\"text-align: center;\">60<\/td>\n<td style=\"text-align: center;\">12<\/td>\n<td style=\"text-align: center;\">5.000 &#8211; 5m<\/td>\n<td style=\"text-align: center;\"><\/td>\n<td style=\"text-align: center;\">\u00a0&#8211;<\/td>\n<\/tr>\n<tr>\n<td style=\"text-align: center;\">W50<\/td>\n<td style=\"text-align: center;\">2.300<\/td>\n<td style=\"text-align: center;\">35<\/td>\n<td style=\"text-align: center;\">14<\/td>\n<td style=\"text-align: center;\">5.000 &#8211; 5m<\/td>\n<td style=\"text-align: center;\"><\/td>\n<td style=\"text-align: center;\">\u00a0&#8211;<\/td>\n<\/tr>\n<tr>\n<td style=\"text-align: center;\">M55<\/td>\n<td style=\"text-align: center;\">2.600<\/td>\n<td style=\"text-align: center;\">60<\/td>\n<td style=\"text-align: center;\">12<\/td>\n<td style=\"text-align: center;\">5.000 &#8211; 5m<\/td>\n<td style=\"text-align: center;\"><\/td>\n<td style=\"text-align: center;\">\u00a0&#8211;<\/td>\n<\/tr>\n<tr>\n<td style=\"text-align: center;\">W55<\/td>\n<td style=\"text-align: center;\">2.300<\/td>\n<td style=\"text-align: center;\">50<\/td>\n<td style=\"text-align: center;\">12<\/td>\n<td style=\"text-align: center;\">5.000 &#8211; 5m<\/td>\n<td style=\"text-align: center;\"><\/td>\n<td style=\"text-align: center;\">\u00a0&#8211;<\/td>\n<\/tr>\n<tr>\n<td style=\"text-align: center;\">M60<\/td>\n<td style=\"text-align: center;\">2.400<\/td>\n<td style=\"text-align: center;\">55<\/td>\n<td style=\"text-align: center;\">12<\/td>\n<td style=\"text-align: center;\">5.000 &#8211; 5m<\/td>\n<td style=\"text-align: center;\"><\/td>\n<td style=\"text-align: center;\">\u00a0&#8211;<\/td>\n<\/tr>\n<tr>\n<td style=\"text-align: center;\">W60<\/td>\n<td style=\"text-align: center;\">2.300<\/td>\n<td style=\"text-align: center;\">50<\/td>\n<td style=\"text-align: center;\">12<\/td>\n<td style=\"text-align: center;\">5.000 &#8211; 5m<\/td>\n<td style=\"text-align: center;\"><\/td>\n<td style=\"text-align: center;\">\u00a0&#8211;<\/td>\n<\/tr>\n<tr>\n<td style=\"text-align: center;\">M65<\/td>\n<td style=\"text-align: center;\">2.200<\/td>\n<td style=\"text-align: center;\">40<\/td>\n<td style=\"text-align: center;\">12<\/td>\n<td style=\"text-align: center;\">5.000 &#8211; 5m<\/td>\n<td style=\"text-align: center;\"><\/td>\n<td style=\"text-align: center;\">\u00a0&#8211;<\/td>\n<\/tr>\n<tr>\n<td style=\"text-align: center;\">W65<\/td>\n<td style=\"text-align: center;\">1.800<\/td>\n<td style=\"text-align: center;\">35<\/td>\n<td style=\"text-align: center;\">12<\/td>\n<td style=\"text-align: center;\">5.000 &#8211; 5m<\/td>\n<td style=\"text-align: center;\"><\/td>\n<td style=\"text-align: center;\">\u00a0&#8211;<\/td>\n<\/tr>\n<tr>\n<td style=\"text-align: center;\">M70<\/td>\n<td style=\"text-align: center;\">2.100<\/td>\n<td style=\"text-align: center;\">40<\/td>\n<td style=\"text-align: center;\">12<\/td>\n<td style=\"text-align: center;\">5.000 &#8211; 5m<\/td>\n<td style=\"text-align: center;\"><\/td>\n<td style=\"text-align: center;\">\u00a0&#8211;<\/td>\n<\/tr>\n<tr>\n<td style=\"text-align: center;\">W70<\/td>\n<td style=\"text-align: center;\">1.700<\/td>\n<td style=\"text-align: center;\">35<\/td>\n<td style=\"text-align: center;\">12<\/td>\n<td style=\"text-align: center;\">5.000 &#8211; 5m<\/td>\n<td style=\"text-align: center;\"><\/td>\n<td style=\"text-align: center;\">\u00a0&#8211;<\/td>\n<\/tr>\n<tr>\n<td style=\"text-align: center;\">M75<\/td>\n<td style=\"text-align: center;\">1.800<\/td>\n<td style=\"text-align: center;\">35<\/td>\n<td style=\"text-align: center;\">12<\/td>\n<td style=\"text-align: center;\">5.000 &#8211; 5m<\/td>\n<td style=\"text-align: center;\"><\/td>\n<td style=\"text-align: center;\">\u00a0&#8211;<\/td>\n<\/tr>\n<tr>\n<td style=\"text-align: center;\">W75<\/td>\n<td style=\"text-align: center;\">1.600<\/td>\n<td style=\"text-align: center;\">35<\/td>\n<td style=\"text-align: center;\">12<\/td>\n<td style=\"text-align: center;\">5.000 &#8211; 5m<\/td>\n<td style=\"text-align: center;\"><\/td>\n<td style=\"text-align: center;\">\u00a0&#8211;<\/td>\n<\/tr>\n<tr>\n<td style=\"text-align: center;\">M80<\/td>\n<td style=\"text-align: center;\">1.700<\/td>\n<td style=\"text-align: center;\">35<\/td>\n<td style=\"text-align: center;\">12<\/td>\n<td style=\"text-align: center;\">5.000 &#8211; 5m<\/td>\n<td style=\"text-align: center;\"><\/td>\n<td style=\"text-align: center;\">\u00a0&#8211;<\/td>\n<\/tr>\n<tr>\n<td style=\"text-align: center;\">W80<\/td>\n<td style=\"text-align: center;\">1.600<\/td>\n<td style=\"text-align: center;\">35<\/td>\n<td style=\"text-align: center;\">12<\/td>\n<td style=\"text-align: center;\">5.000 &#8211; 5m<\/td>\n<td style=\"text-align: center;\"><\/td>\n<td style=\"text-align: center;\">\u00a0&#8211;<\/td>\n<\/tr>\n<tr>\n<td style=\"text-align: center;\">M85<\/td>\n<td style=\"text-align: center;\">1.600<\/td>\n<td style=\"text-align: center;\">35<\/td>\n<td style=\"text-align: center;\">12<\/td>\n<td style=\"text-align: center;\">5.000 &#8211; 5m<\/td>\n<td style=\"text-align: center;\"><\/td>\n<td style=\"text-align: center;\">\u00a0&#8211;<\/td>\n<\/tr>\n<tr>\n<td style=\"text-align: center;\">OPEN CURTO<\/td>\n<td style=\"text-align: center;\">1.400<\/td>\n<td style=\"text-align: center;\">25<\/td>\n<td style=\"text-align: center;\">14<\/td>\n<td style=\"text-align: center;\">5.000 &#8211; 5m<\/td>\n<td style=\"text-align: center;\"><\/td>\n<td style=\"text-align: center;\">\u00a0&#8211;<\/td>\n<\/tr>\n<tr>\n<td style=\"text-align: center;\">OPEN LONGO<\/td>\n<td style=\"text-align: center;\">2.700<\/td>\n<td style=\"text-align: center;\">35<\/td>\n<td style=\"text-align: center;\">12<\/td>\n<td style=\"text-align: center;\">5.000 &#8211; 5m<\/td>\n<td style=\"text-align: center;\"><\/td>\n<td style=\"text-align: center;\">\u00a0&#8211;<\/td>\n<\/tr>\n<\/tbody>\n<\/table>\n<p><\/p>","protected":false},"excerpt":{"rendered":"<p>25 Fevereiro 2017 \u2013 Sprint Noturno\u00a0\u2013 ALTER DO CH\u00c3O Mapa: Alter do ch\u00e3o \u2013 Escala 1\/ 5.000 Terreno: Zona urbana da vila de Alter do Ch\u00e3o. Cart\u00f3grafo: Armando Rodrigues (Dezembro 2008), revisto em Jan 2017 por Raquel Costa. Tra\u00e7ador de Percursos: Hugo Borda D&#8217;Agua Supervisor: Lu\u00eds Santos GPS: 39\u00b011\u201957.2\u2033N 7\u00b039\u201930.0\u2033W Avisos: &#8211;\u00a0A prova de sprint realiza-se no centro hist\u00f3rico de Alter do Ch\u00e3o. Apesar de existir pouco tr\u00e2nsito, s\u00f3 ser\u00e1 cortado parcialmente. Solicita-se o m\u00e1ximo de cuidado aos participantes no atravessamento das estradas. \u2013 Arena \u2013 engloba: Secretariado, inform\u00e1tica, speaker, partida, chegada e Bar. \u2013 N\u00e3o haver\u00e1 quarentena. \u2013\u00a0N\u00e3o existe local especifico para estacionamento. \u00a0 \u00a0 &nbsp; ESCAL\u00d5ES DIST\u00c2NCIA MELHOR [&hellip;]<\/p>\n","protected":false},"author":4,"featured_media":0,"parent":0,"menu_order":0,"comment_status":"closed","ping_status":"closed","template":"","meta":{"_monsterinsights_skip_tracking":false,"_monsterinsights_sitenote_active":false,"_monsterinsights_sitenote_note":"","_monsterinsights_sitenote_category":0,"footnotes":""},"class_list":["post-3166","page","type-page","status-publish","hentry"],"_links":{"self":[{"href":"https:\/\/pom.pt\/2017\/wp-json\/wp\/v2\/pages\/3166","targetHints":{"allow":["GET"]}}],"collection":[{"href":"https:\/\/pom.pt\/2017\/wp-json\/wp\/v2\/pages"}],"about":[{"href":"https:\/\/pom.pt\/2017\/wp-json\/wp\/v2\/types\/page"}],"author":[{"embeddable":true,"href":"https:\/\/pom.pt\/2017\/wp-json\/wp\/v2\/users\/4"}],"replies":[{"embeddable":true,"href":"https:\/\/pom.pt\/2017\/wp-json\/wp\/v2\/comments?post=3166"}],"version-history":[{"count":17,"href":"https:\/\/pom.pt\/2017\/wp-json\/wp\/v2\/pages\/3166\/revisions"}],"predecessor-version":[{"id":3775,"href":"https:\/\/pom.pt\/2017\/wp-json\/wp\/v2\/pages\/3166\/revisions\/3775"}],"wp:attachment":[{"href":"https:\/\/pom.pt\/2017\/wp-json\/wp\/v2\/media?parent=3166"}],"curies":[{"name":"wp","href":"https:\/\/api.w.org\/{rel}","templated":true}]}}