{"id":2752,"date":"2016-08-01T23:30:36","date_gmt":"2016-08-01T22:30:36","guid":{"rendered":"http:\/\/pom.pt\/2017\/?page_id=2752"},"modified":"2016-08-10T19:51:35","modified_gmt":"2016-08-10T18:51:35","slug":"coudelaria-de-alter","status":"publish","type":"page","link":"https:\/\/pom.pt\/2017\/coudelaria-de-alter\/","title":{"rendered":"COUDELARIA DE ALTER"},"content":{"rendered":"<p><\/p>\n<p style=\"text-align: justify\"><span style=\"color: #000000\"><strong>PREL\u00daDIO &#8211; 1736<\/strong><\/span><\/p>\n<p style=\"text-align: justify\"><img loading=\"lazy\" decoding=\"async\" class=\"alignleft size-full wp-image-2770\" src=\"http:\/\/pom.pt\/2017\/wp-content\/uploads\/sites\/3\/2016\/08\/coudelaria_1.jpg\" alt=\"coudelaria_1\" width=\"200\" height=\"271\" \/>A funda\u00e7\u00e3o da Coudelaria de Alter n\u00e3o foi um acto ocasional e isolado.<\/p>\n<p style=\"text-align: justify\">Surgiu como corol\u00e1rio l\u00f3gico de um tempo hist\u00f3rico e de uma pol\u00edtica coud\u00e9lica, personificados em D.Jo\u00e3o V, o Rei Magn\u00e2nimo.<\/p>\n<p style=\"text-align: justify\"><span style=\"color: #000000\"><strong><img loading=\"lazy\" decoding=\"async\" class=\"alignright size-medium wp-image-2771\" src=\"http:\/\/pom.pt\/2017\/wp-content\/uploads\/sites\/3\/2016\/08\/coudelaria_2-202x300.jpg\" alt=\"coudelaria_2\" width=\"202\" height=\"300\" srcset=\"https:\/\/pom.pt\/2017\/wp-content\/uploads\/sites\/3\/2016\/08\/coudelaria_2-202x300.jpg 202w, https:\/\/pom.pt\/2017\/wp-content\/uploads\/sites\/3\/2016\/08\/coudelaria_2.jpg 204w\" sizes=\"auto, (max-width: 202px) 100vw, 202px\" \/>FUNDA\u00c7\u00c3O &#8211; 1748<\/strong><\/span><\/p>\n<p style=\"text-align: justify\">A ordem da Junta do Estado e Casa de Bragan\u00e7a, de 9 de Dezembro de 1748, marca a funda\u00e7\u00e3o da Coudelaria de Alter, e tem o significado simb\u00f3lico de &#8221; Registo &#8221; da Tapada do Arneiro como &#8221; Solar &#8221; do cavalo de Alter-Real.<\/p>\n<p style=\"text-align: justify\">O documento fundacional da Coudelaria de Alter foi emitido por D.Jo\u00e3o V como:<br \/>\n&#8221; <em>ADMINISTRADOR DA PESSOA E BENS DO PR\u00cdNCIPE D.JOS\u00c9, MEU SOBRE TODOS MUITO AMADO E PREZADO FILHO, DUQUE DE BRAGAN\u00c7A &#8220;.<\/em><\/p>\n<p style=\"text-align: justify\"><span style=\"color: #000000\"><strong>ESTRUTURA\u00c7\u00c3O &#8211; 1749 \u2013 1770<\/strong><\/span><\/p>\n<p style=\"text-align: justify\"><img loading=\"lazy\" decoding=\"async\" class=\"alignleft size-medium wp-image-2772\" src=\"http:\/\/pom.pt\/2017\/wp-content\/uploads\/sites\/3\/2016\/08\/coudelaria_3-163x300.jpg\" alt=\"coudelaria_3\" width=\"163\" height=\"300\" srcset=\"https:\/\/pom.pt\/2017\/wp-content\/uploads\/sites\/3\/2016\/08\/coudelaria_3-163x300.jpg 163w, https:\/\/pom.pt\/2017\/wp-content\/uploads\/sites\/3\/2016\/08\/coudelaria_3.jpg 194w\" sizes=\"auto, (max-width: 163px) 100vw, 163px\" \/>\u00c9 ao Rei D.Jos\u00e9 I que, quase inteiramente, cabe o m\u00e9rito da estrutura\u00e7\u00e3o da Coudelaria de Alter:<br \/>\nForma\u00e7\u00e3o da manada, instala\u00e7\u00f5es coud\u00e9licas, alargamento do assento agr\u00edcola e da \u00e1rea de pastoreio, promulga\u00e7\u00e3o do primeiro regime coud\u00e9lico que vigorou na Coudelaria.<\/p>\n<p style=\"text-align: justify\">A Casa Ducal de Bragan\u00e7a foi, como executante da vontade R\u00e9gia de D.Jo\u00e3o V e de D.Jos\u00e9 I, o esteio da funda\u00e7\u00e3o e estrutura\u00e7\u00e3o da Coudelaria de Alter.<\/p>\n<p style=\"text-align: justify\">Toda a informa\u00e7\u00e3o sobre a Coudelaria:\u00a0 <a href=\"http:\/\/www.alterreal.pt\/\" target=\"_blank\">http:\/\/www.alterreal.pt\/<\/a><\/p>\n<p><\/p>","protected":false},"excerpt":{"rendered":"<p>PREL\u00daDIO &#8211; 1736 A funda\u00e7\u00e3o da Coudelaria de Alter n\u00e3o foi um acto ocasional e isolado. Surgiu como corol\u00e1rio l\u00f3gico de um tempo hist\u00f3rico e de uma pol\u00edtica coud\u00e9lica, personificados em D.Jo\u00e3o V, o Rei Magn\u00e2nimo. FUNDA\u00c7\u00c3O &#8211; 1748 A ordem da Junta do Estado e Casa de Bragan\u00e7a, de 9 de Dezembro de 1748, marca a funda\u00e7\u00e3o da Coudelaria de Alter, e tem o significado simb\u00f3lico de &#8221; Registo &#8221; da Tapada do Arneiro como &#8221; Solar &#8221; do cavalo de Alter-Real. O documento fundacional da Coudelaria de Alter foi emitido por D.Jo\u00e3o V como: &#8221; ADMINISTRADOR DA PESSOA E BENS DO PR\u00cdNCIPE D.JOS\u00c9, MEU SOBRE TODOS MUITO AMADO [&hellip;]<\/p>\n","protected":false},"author":4,"featured_media":0,"parent":0,"menu_order":0,"comment_status":"closed","ping_status":"closed","template":"","meta":{"_monsterinsights_skip_tracking":false,"_monsterinsights_sitenote_active":false,"_monsterinsights_sitenote_note":"","_monsterinsights_sitenote_category":0,"footnotes":""},"class_list":["post-2752","page","type-page","status-publish","hentry"],"_links":{"self":[{"href":"https:\/\/pom.pt\/2017\/wp-json\/wp\/v2\/pages\/2752","targetHints":{"allow":["GET"]}}],"collection":[{"href":"https:\/\/pom.pt\/2017\/wp-json\/wp\/v2\/pages"}],"about":[{"href":"https:\/\/pom.pt\/2017\/wp-json\/wp\/v2\/types\/page"}],"author":[{"embeddable":true,"href":"https:\/\/pom.pt\/2017\/wp-json\/wp\/v2\/users\/4"}],"replies":[{"embeddable":true,"href":"https:\/\/pom.pt\/2017\/wp-json\/wp\/v2\/comments?post=2752"}],"version-history":[{"count":8,"href":"https:\/\/pom.pt\/2017\/wp-json\/wp\/v2\/pages\/2752\/revisions"}],"predecessor-version":[{"id":3026,"href":"https:\/\/pom.pt\/2017\/wp-json\/wp\/v2\/pages\/2752\/revisions\/3026"}],"wp:attachment":[{"href":"https:\/\/pom.pt\/2017\/wp-json\/wp\/v2\/media?parent=2752"}],"curies":[{"name":"wp","href":"https:\/\/api.w.org\/{rel}","templated":true}]}}