{"id":2480,"date":"2016-07-22T14:48:26","date_gmt":"2016-07-22T13:48:26","guid":{"rendered":"http:\/\/pom.pt\/2017\/?page_id=2480"},"modified":"2016-08-10T21:30:43","modified_gmt":"2016-08-10T20:30:43","slug":"camara-municipal-do-crato","status":"publish","type":"page","link":"https:\/\/pom.pt\/2017\/camara-municipal-do-crato\/","title":{"rendered":"C\u00e2mara Municipal do Crato"},"content":{"rendered":"<p><\/p>\n<p style=\"text-align: justify\"><img loading=\"lazy\" decoding=\"async\" class=\"alignleft wp-image-2504 size-full\" src=\"http:\/\/pom.pt\/2017\/wp-content\/uploads\/sites\/3\/2016\/07\/presidente_cm_crato.jpg\" alt=\"presidente_cm_crato\" width=\"319\" height=\"318\" srcset=\"https:\/\/pom.pt\/2017\/wp-content\/uploads\/sites\/3\/2016\/07\/presidente_cm_crato.jpg 319w, https:\/\/pom.pt\/2017\/wp-content\/uploads\/sites\/3\/2016\/07\/presidente_cm_crato-150x150.jpg 150w, https:\/\/pom.pt\/2017\/wp-content\/uploads\/sites\/3\/2016\/07\/presidente_cm_crato-300x300.jpg 300w\" sizes=\"auto, (max-width: 319px) 100vw, 319px\" \/><\/p>\n<p style=\"text-align: justify\">Por entre uma paisagem singular e lind\u00edssima que parece nunca mais ter fim, cujas especificidades naturais do terreno s\u00e3o fatores determinantes, constituindo forte motiva\u00e7\u00e3o, eis que se cruzam interesses, entre um Munic\u00edpio de hist\u00f3ria viva e uma modalidade desportiva que j\u00e1 demonstrou estar disposta a entrar na hist\u00f3ria dos grandes eventos desportivos mundiais. Refirmo-me ao Munic\u00edpio do Crato, aos organizadores, ao Grupo Desportivo Quatro Caminhos e a todos os atletas amantes da Orienta\u00e7\u00e3o e mais concretamente \u00e0 prova Portugal O\u2019 Meeting 2017, maior evento regular de Orienta\u00e7\u00e3o pedestre em Portugal.<\/p>\n<p style=\"text-align: justify\">A Orienta\u00e7\u00e3o, enquanto modalidade de ar livre, transporta vida, alegria, felicidade, gera e refor\u00e7a la\u00e7os de amizade, de compreens\u00e3o e de toler\u00e2ncia entre os seus participantes, valores e contributos preciosos.<\/p>\n<p style=\"text-align: justify\">Por isso, \u00e9 com particular empenho e honra que nos dispomos a receber a elite mundial de orienta\u00e7\u00e3o naquela que ser\u00e1 a XXII edi\u00e7\u00e3o do evento.<\/p>\n<p style=\"text-align: justify\">E porque se trata de uma modalidade que deixa sempre um tra\u00e7o de leveza porque tem gente de paz, de elevada cultura c\u00edvica que ama e preserva a vida e a natureza ficam os la\u00e7os de respeito, admira\u00e7\u00e3o e estima gerados, ficam gravados e espelhados por entre pedras de granito que afloram e ornamentam os nossos melhores labir\u00ednticos jardins naturais.<\/p>\n<p style=\"text-align: justify\">Por todo esse vosso empenho e dedica\u00e7\u00e3o o nosso abra\u00e7o de gratid\u00e3o e solid\u00e1rio de boas vindas.<\/p>\n<p style=\"text-align: justify\">Jos\u00e9 Correia da Luz<\/p>\n<p style=\"text-align: justify\">Presidente da C\u00e2mara Municipal do Crato<\/p>\n<p><\/p>","protected":false},"excerpt":{"rendered":"<p>Por entre uma paisagem singular e lind\u00edssima que parece nunca mais ter fim, cujas especificidades naturais do terreno s\u00e3o fatores determinantes, constituindo forte motiva\u00e7\u00e3o, eis que se cruzam interesses, entre um Munic\u00edpio de hist\u00f3ria viva e uma modalidade desportiva que j\u00e1 demonstrou estar disposta a entrar na hist\u00f3ria dos grandes eventos desportivos mundiais. Refirmo-me ao Munic\u00edpio do Crato, aos organizadores, ao Grupo Desportivo Quatro Caminhos e a todos os atletas amantes da Orienta\u00e7\u00e3o e mais concretamente \u00e0 prova Portugal O\u2019 Meeting 2017, maior evento regular de Orienta\u00e7\u00e3o pedestre em Portugal. A Orienta\u00e7\u00e3o, enquanto modalidade de ar livre, transporta vida, alegria, felicidade, gera e refor\u00e7a la\u00e7os de amizade, de compreens\u00e3o e [&hellip;]<\/p>\n","protected":false},"author":4,"featured_media":0,"parent":0,"menu_order":0,"comment_status":"closed","ping_status":"closed","template":"","meta":{"_monsterinsights_skip_tracking":false,"_monsterinsights_sitenote_active":false,"_monsterinsights_sitenote_note":"","_monsterinsights_sitenote_category":0,"footnotes":""},"class_list":["post-2480","page","type-page","status-publish","hentry"],"_links":{"self":[{"href":"https:\/\/pom.pt\/2017\/wp-json\/wp\/v2\/pages\/2480","targetHints":{"allow":["GET"]}}],"collection":[{"href":"https:\/\/pom.pt\/2017\/wp-json\/wp\/v2\/pages"}],"about":[{"href":"https:\/\/pom.pt\/2017\/wp-json\/wp\/v2\/types\/page"}],"author":[{"embeddable":true,"href":"https:\/\/pom.pt\/2017\/wp-json\/wp\/v2\/users\/4"}],"replies":[{"embeddable":true,"href":"https:\/\/pom.pt\/2017\/wp-json\/wp\/v2\/comments?post=2480"}],"version-history":[{"count":5,"href":"https:\/\/pom.pt\/2017\/wp-json\/wp\/v2\/pages\/2480\/revisions"}],"predecessor-version":[{"id":3034,"href":"https:\/\/pom.pt\/2017\/wp-json\/wp\/v2\/pages\/2480\/revisions\/3034"}],"wp:attachment":[{"href":"https:\/\/pom.pt\/2017\/wp-json\/wp\/v2\/media?parent=2480"}],"curies":[{"name":"wp","href":"https:\/\/api.w.org\/{rel}","templated":true}]}}