{"id":2326,"date":"2016-05-16T16:18:48","date_gmt":"2016-05-16T16:18:48","guid":{"rendered":"http:\/\/pomteste.myone.pt\/?page_id=2326"},"modified":"2017-02-27T20:41:10","modified_gmt":"2017-02-27T20:41:10","slug":"partidas","status":"publish","type":"page","link":"https:\/\/pom.pt\/2017\/partidas\/","title":{"rendered":"Listas de Partidas"},"content":{"rendered":"<p><a href=\"http:\/\/pom.pt\/archive\/2017\/POM17_Start_Clubs_v2.html\" target=\"_blank\">Lista de partidas por Clubes (atualizada em: S\u00e1b 25-02-2017 00:37)<\/a><\/p>\n<p><a href=\"http:\/\/pom.pt\/archive\/2017\/POM17_Start_Classes_v2.html\" target=\"_blank\">Lista de partidas por Escal\u00f5es (atualizada em: S\u00e1b 25-02-2017 00:37)<\/a><\/p>\n<p><strong>Pre O:<\/strong><br \/>\n<a href=\"http:\/\/pom.pt\/archive\/2017\/PreOStartListA.pdf\" target=\"_blank\">Lista de Partidas A<\/a><br \/>\n<a href=\"http:\/\/pom.pt\/archive\/2017\/PreOStartListB.pdf\" target=\"_blank\">Lista de Partidas B<\/a><\/p>\n<p>&nbsp;<\/p>\n<p><strong>Tempos de Partida da Elite &#8211; Day 4<\/strong><\/p>\n<p><span style=\"text-decoration: underline;\"><strong>Chasing Start:<\/strong><\/span>\u00a0<a href=\"http:\/\/pom.pt\/archive\/2017\/POM17_Day4_Chasing_Start.html\" target=\"_blank\">Lista de Partidas<\/a><\/p>\n<p>09:30 &#8211; ME Chasing Start Begins<\/p>\n<p>10:30 &#8211; ME Mass Start<\/p>\n<p>11:00 &#8211; MSE \/ WE Chasing Start Begins<\/p>\n<p>12:00 &#8211; MSE \/ WE Mass Start<\/p>","protected":false},"excerpt":{"rendered":"<p>Lista de partidas por Clubes (atualizada em: S\u00e1b 25-02-2017 00:37) Lista de partidas por Escal\u00f5es (atualizada em: S\u00e1b 25-02-2017 00:37) Pre O: Lista de Partidas A Lista de Partidas B &nbsp; Tempos de Partida da Elite &#8211; Day 4 Chasing Start:\u00a0Lista de Partidas 09:30 &#8211; ME Chasing Start Begins 10:30 &#8211; ME Mass Start 11:00 &#8211; MSE \/ WE Chasing Start Begins 12:00 &#8211; MSE \/ WE Mass Start<\/p>\n","protected":false},"author":4,"featured_media":0,"parent":0,"menu_order":0,"comment_status":"closed","ping_status":"closed","template":"","meta":{"_monsterinsights_skip_tracking":false,"_monsterinsights_sitenote_active":false,"_monsterinsights_sitenote_note":"","_monsterinsights_sitenote_category":0,"footnotes":""},"class_list":["post-2326","page","type-page","status-publish","hentry"],"_links":{"self":[{"href":"https:\/\/pom.pt\/2017\/wp-json\/wp\/v2\/pages\/2326","targetHints":{"allow":["GET"]}}],"collection":[{"href":"https:\/\/pom.pt\/2017\/wp-json\/wp\/v2\/pages"}],"about":[{"href":"https:\/\/pom.pt\/2017\/wp-json\/wp\/v2\/types\/page"}],"author":[{"embeddable":true,"href":"https:\/\/pom.pt\/2017\/wp-json\/wp\/v2\/users\/4"}],"replies":[{"embeddable":true,"href":"https:\/\/pom.pt\/2017\/wp-json\/wp\/v2\/comments?post=2326"}],"version-history":[{"count":16,"href":"https:\/\/pom.pt\/2017\/wp-json\/wp\/v2\/pages\/2326\/revisions"}],"predecessor-version":[{"id":3929,"href":"https:\/\/pom.pt\/2017\/wp-json\/wp\/v2\/pages\/2326\/revisions\/3929"}],"wp:attachment":[{"href":"https:\/\/pom.pt\/2017\/wp-json\/wp\/v2\/media?parent=2326"}],"curies":[{"name":"wp","href":"https:\/\/api.w.org\/{rel}","templated":true}]}}