{"id":712,"date":"2015-10-01T22:13:35","date_gmt":"2015-10-01T21:13:35","guid":{"rendered":"http:\/\/pom.pt\/2016\/en\/?page_id=712"},"modified":"2016-01-14T13:24:21","modified_gmt":"2016-01-14T13:24:21","slug":"dia-1-0-model-event-3-benquerenca","status":"publish","type":"page","link":"https:\/\/pom.pt\/2016\/dia-1-0-model-event-3-benquerenca\/","title":{"rendered":"Dia -1 &amp; 0 &#8211; Model Event 3 &#8211; Benqueren\u00e7a"},"content":{"rendered":"<p>Os mapas para o Model Event devem ser reservados atrav\u00e9s do formul\u00e1rio de inscri\u00e7\u00e3o no POM no OriOasis por forma a garantir a disponibilidade do mapa. A organiza\u00e7\u00e3o ter\u00e1 mapas de model event para venda no Event Center mas num n\u00famero muito limitado.<\/p>\n<p><strong>Mapa:\u00a0<\/strong>Benqueren\u00e7a (2015)<\/p>\n<p><strong>Cart\u00f3grafo:\u00a0<\/strong>Carlos Vale<\/p>\n<p><strong>Tra\u00e7adores de percursos:\u00a0<\/strong>Helder Ferreira<\/p>\n<p><strong>Escala do mapa:\u00a0<\/strong>1:4 000<\/p>\n<p><strong>Equidist\u00e2ncia:<\/strong> 2.5m<\/p>\n<p><strong>Excertos do mapa:<\/strong><\/p>\n<p><a href=\"http:\/\/pom.pt\/2016\/wp-content\/uploads\/2015\/10\/Benqueren\u00e7aExcertoMapaII.jpg\"><img loading=\"lazy\" decoding=\"async\" class=\"aligncenter size-full wp-image-720\" src=\"http:\/\/pom.pt\/2016\/wp-content\/uploads\/2015\/10\/Benqueren\u00e7aExcertoMapaII.jpg\" alt=\"Benqueren\u00e7aExcertoMapaII\" width=\"291\" height=\"352\" srcset=\"https:\/\/pom.pt\/2016\/wp-content\/uploads\/2015\/10\/Benqueren\u00e7aExcertoMapaII.jpg 291w, https:\/\/pom.pt\/2016\/wp-content\/uploads\/2015\/10\/Benqueren\u00e7aExcertoMapaII-248x300.jpg 248w\" sizes=\"auto, (max-width: 291px) 100vw, 291px\" \/><\/a><\/p>\n<p><a href=\"http:\/\/pom.pt\/2016\/wp-content\/uploads\/2015\/10\/Benqueren\u00e7aExcertoMapaI.jpg\"><img loading=\"lazy\" decoding=\"async\" class=\"aligncenter size-full wp-image-719\" src=\"http:\/\/pom.pt\/2016\/wp-content\/uploads\/2015\/10\/Benqueren\u00e7aExcertoMapaI.jpg\" alt=\"Benqueren\u00e7aExcertoMapaI\" width=\"427\" height=\"343\" srcset=\"https:\/\/pom.pt\/2016\/wp-content\/uploads\/2015\/10\/Benqueren\u00e7aExcertoMapaI.jpg 427w, https:\/\/pom.pt\/2016\/wp-content\/uploads\/2015\/10\/Benqueren\u00e7aExcertoMapaI-300x241.jpg 300w\" sizes=\"auto, (max-width: 427px) 100vw, 427px\" \/><\/a><\/p>","protected":false},"excerpt":{"rendered":"<p>Os mapas para o Model Event devem ser reservados atrav\u00e9s do formul\u00e1rio de inscri\u00e7\u00e3o no POM no OriOasis por forma a garantir a disponibilidade do mapa. A organiza\u00e7\u00e3o ter\u00e1 mapas de model event para venda no Event Center mas num n\u00famero muito limitado. Mapa:\u00a0Benqueren\u00e7a (2015) Cart\u00f3grafo:\u00a0Carlos Vale Tra\u00e7adores de percursos:\u00a0Helder Ferreira Escala do mapa:\u00a01:4 000 Equidist\u00e2ncia: 2.5m Excertos do mapa:<\/p>\n","protected":false},"author":3,"featured_media":0,"parent":0,"menu_order":0,"comment_status":"closed","ping_status":"closed","template":"","meta":{"_monsterinsights_skip_tracking":false,"_monsterinsights_sitenote_active":false,"_monsterinsights_sitenote_note":"","_monsterinsights_sitenote_category":0,"footnotes":""},"class_list":["post-712","page","type-page","status-publish","hentry"],"_links":{"self":[{"href":"https:\/\/pom.pt\/2016\/wp-json\/wp\/v2\/pages\/712","targetHints":{"allow":["GET"]}}],"collection":[{"href":"https:\/\/pom.pt\/2016\/wp-json\/wp\/v2\/pages"}],"about":[{"href":"https:\/\/pom.pt\/2016\/wp-json\/wp\/v2\/types\/page"}],"author":[{"embeddable":true,"href":"https:\/\/pom.pt\/2016\/wp-json\/wp\/v2\/users\/3"}],"replies":[{"embeddable":true,"href":"https:\/\/pom.pt\/2016\/wp-json\/wp\/v2\/comments?post=712"}],"version-history":[{"count":8,"href":"https:\/\/pom.pt\/2016\/wp-json\/wp\/v2\/pages\/712\/revisions"}],"predecessor-version":[{"id":1037,"href":"https:\/\/pom.pt\/2016\/wp-json\/wp\/v2\/pages\/712\/revisions\/1037"}],"wp:attachment":[{"href":"https:\/\/pom.pt\/2016\/wp-json\/wp\/v2\/media?parent=712"}],"curies":[{"name":"wp","href":"https:\/\/api.w.org\/{rel}","templated":true}]}}