{"id":173,"date":"2015-03-30T09:41:15","date_gmt":"2015-03-30T08:41:15","guid":{"rendered":"http:\/\/pom.pt\/2016\/?page_id=173"},"modified":"2015-06-23T05:14:26","modified_gmt":"2015-06-23T04:14:26","slug":"contactos","status":"publish","type":"page","link":"https:\/\/pom.pt\/2016\/contactos\/","title":{"rendered":"Contactos"},"content":{"rendered":"<p>Por favor utilize um dos seguintes contactos de acordo com a sua quest\u00e3o.<\/p>\n<p>Assuntos relacionados com inscri\u00e7\u00f5es:<br \/>\n<a href=\"mailto:entries@pom.pt\">entries@pom.pt<\/a><\/p>\n<p>Assuntos relacionados com pagamentos (envio de comprovativo de pagamento, valida\u00e7\u00e3o de pagamento, etc):<br \/>\n<a href=\"mailto:payments@pom.pt\">payments@pom.pt<\/a><\/p>\n<p>Informa\u00e7\u00e3o geral \/ outros:<br \/>\n<a href=\"mailto:info@pom.pt\">info@pom.pt<\/a><\/p>","protected":false},"excerpt":{"rendered":"<p>Por favor utilize um dos seguintes contactos de acordo com a sua quest\u00e3o. Assuntos relacionados com inscri\u00e7\u00f5es: entries@pom.pt Assuntos relacionados com pagamentos (envio de comprovativo de pagamento, valida\u00e7\u00e3o de pagamento, etc): payments@pom.pt Informa\u00e7\u00e3o geral \/ outros: info@pom.pt<\/p>\n","protected":false},"author":1,"featured_media":0,"parent":0,"menu_order":0,"comment_status":"closed","ping_status":"closed","template":"","meta":{"_monsterinsights_skip_tracking":false,"_monsterinsights_sitenote_active":false,"_monsterinsights_sitenote_note":"","_monsterinsights_sitenote_category":0,"footnotes":""},"class_list":["post-173","page","type-page","status-publish","hentry"],"_links":{"self":[{"href":"https:\/\/pom.pt\/2016\/wp-json\/wp\/v2\/pages\/173","targetHints":{"allow":["GET"]}}],"collection":[{"href":"https:\/\/pom.pt\/2016\/wp-json\/wp\/v2\/pages"}],"about":[{"href":"https:\/\/pom.pt\/2016\/wp-json\/wp\/v2\/types\/page"}],"author":[{"embeddable":true,"href":"https:\/\/pom.pt\/2016\/wp-json\/wp\/v2\/users\/1"}],"replies":[{"embeddable":true,"href":"https:\/\/pom.pt\/2016\/wp-json\/wp\/v2\/comments?post=173"}],"version-history":[{"count":3,"href":"https:\/\/pom.pt\/2016\/wp-json\/wp\/v2\/pages\/173\/revisions"}],"predecessor-version":[{"id":482,"href":"https:\/\/pom.pt\/2016\/wp-json\/wp\/v2\/pages\/173\/revisions\/482"}],"wp:attachment":[{"href":"https:\/\/pom.pt\/2016\/wp-json\/wp\/v2\/media?parent=173"}],"curies":[{"name":"wp","href":"https:\/\/api.w.org\/{rel}","templated":true}]}}